{"id":107920,"date":"2023-03-07T10:48:43","date_gmt":"2023-03-07T10:48:43","guid":{"rendered":"https:\/\/ifoffice.pt\/?post_type=product&#038;p=107920"},"modified":"2025-03-12T12:19:40","modified_gmt":"2025-03-12T12:19:40","slug":"mochila-escolar-liderpapel-baloes-380x280x120-mm-2","status":"publish","type":"product","link":"https:\/\/ifoffice.pt\/?product=mochila-escolar-liderpapel-baloes-380x280x120-mm-2","title":{"rendered":"Mochila escolar liderpapel baloes 380x280x120 mm"},"content":{"rendered":"<p>Mochila pr\u00e1tica e resistente, ideal para transportar o material escolar e os pertences pessoais. C\u00f3moda e ampla, disp\u00f5e de 2 compartimentos com fecho na parte traseira. Mochila acolchoada nas costas para um maior conforto. Al\u00e7as acolchoadas ajust\u00e1veis. Medidas: 380 x 280 x 120 mm.<\/p>\n","protected":false},"excerpt":{"rendered":"<p>Mochila pr\u00e1tica e resistente, ideal para transportar o material escolar e os pertences pessoais. C\u00f3moda e ampla, disp\u00f5e de 2 compartimentos com fecho na parte traseira. Mochila acolchoada nas costas para um maior conforto. Al\u00e7as acolchoadas ajust\u00e1veis. Medidas: 380 x 280 x 120 mm.<\/p>\n","protected":false},"featured_media":126892,"comment_status":"open","ping_status":"closed","template":"","meta":{"neve_meta_sidebar":"","neve_meta_container":"","neve_meta_enable_content_width":"","neve_meta_content_width":0,"neve_meta_title_alignment":"","neve_meta_author_avatar":"","neve_post_elements_order":"","neve_meta_disable_header":"","neve_meta_disable_footer":"","neve_meta_disable_title":""},"product_brand":[],"product_cat":[2186],"product_tag":[],"class_list":{"0":"post-107920","1":"product","2":"type-product","3":"status-publish","4":"has-post-thumbnail","6":"product_cat-mochilas-escolares","8":"first","9":"outofstock","10":"taxable","11":"shipping-taxable","12":"purchasable","13":"product-type-simple"},"_links":{"self":[{"href":"https:\/\/ifoffice.pt\/index.php?rest_route=\/wp\/v2\/product\/107920","targetHints":{"allow":["GET"]}}],"collection":[{"href":"https:\/\/ifoffice.pt\/index.php?rest_route=\/wp\/v2\/product"}],"about":[{"href":"https:\/\/ifoffice.pt\/index.php?rest_route=\/wp\/v2\/types\/product"}],"replies":[{"embeddable":true,"href":"https:\/\/ifoffice.pt\/index.php?rest_route=%2Fwp%2Fv2%2Fcomments&post=107920"}],"wp:featuredmedia":[{"embeddable":true,"href":"https:\/\/ifoffice.pt\/index.php?rest_route=\/wp\/v2\/media\/126892"}],"wp:attachment":[{"href":"https:\/\/ifoffice.pt\/index.php?rest_route=%2Fwp%2Fv2%2Fmedia&parent=107920"}],"wp:term":[{"taxonomy":"product_brand","embeddable":true,"href":"https:\/\/ifoffice.pt\/index.php?rest_route=%2Fwp%2Fv2%2Fproduct_brand&post=107920"},{"taxonomy":"product_cat","embeddable":true,"href":"https:\/\/ifoffice.pt\/index.php?rest_route=%2Fwp%2Fv2%2Fproduct_cat&post=107920"},{"taxonomy":"product_tag","embeddable":true,"href":"https:\/\/ifoffice.pt\/index.php?rest_route=%2Fwp%2Fv2%2Fproduct_tag&post=107920"}],"curies":[{"name":"wp","href":"https:\/\/api.w.org\/{rel}","templated":true}]}}