{"id":107439,"date":"2023-03-07T10:42:06","date_gmt":"2023-03-07T10:42:06","guid":{"rendered":"https:\/\/ifoffice.pt\/?post_type=product&#038;p=107439"},"modified":"2026-02-23T14:54:17","modified_gmt":"2026-02-23T14:54:17","slug":"borracha-giotto-happy-gomma-pastel-forma-de-lapis","status":"publish","type":"product","link":"https:\/\/ifoffice.pt\/?product=borracha-giotto-happy-gomma-pastel-forma-de-lapis","title":{"rendered":"Borracha giotto happy gomma pastel forma de lapis"},"content":{"rendered":"<p>Borracha com forma de l\u00e1pis. Feita para apagar grafite. Apta para levar no estojo gra\u00e7as \u00e0 sua forma e medida. Cores pastel sortidas.<\/p>\n","protected":false},"excerpt":{"rendered":"<p>PACK DE 40 UNIDADES<\/p>\n","protected":false},"featured_media":114358,"comment_status":"open","ping_status":"closed","template":"","meta":{"neve_meta_sidebar":"","neve_meta_container":"","neve_meta_enable_content_width":"","neve_meta_content_width":0,"neve_meta_title_alignment":"","neve_meta_author_avatar":"","neve_post_elements_order":"","neve_meta_disable_header":"","neve_meta_disable_footer":"","neve_meta_disable_title":""},"product_brand":[],"product_cat":[1789],"product_tag":[],"class_list":{"0":"post-107439","1":"product","2":"type-product","3":"status-publish","4":"has-post-thumbnail","6":"product_cat-borrachas","8":"first","9":"instock","10":"taxable","11":"shipping-taxable","12":"purchasable","13":"product-type-simple"},"_links":{"self":[{"href":"https:\/\/ifoffice.pt\/index.php?rest_route=\/wp\/v2\/product\/107439","targetHints":{"allow":["GET"]}}],"collection":[{"href":"https:\/\/ifoffice.pt\/index.php?rest_route=\/wp\/v2\/product"}],"about":[{"href":"https:\/\/ifoffice.pt\/index.php?rest_route=\/wp\/v2\/types\/product"}],"replies":[{"embeddable":true,"href":"https:\/\/ifoffice.pt\/index.php?rest_route=%2Fwp%2Fv2%2Fcomments&post=107439"}],"wp:featuredmedia":[{"embeddable":true,"href":"https:\/\/ifoffice.pt\/index.php?rest_route=\/wp\/v2\/media\/114358"}],"wp:attachment":[{"href":"https:\/\/ifoffice.pt\/index.php?rest_route=%2Fwp%2Fv2%2Fmedia&parent=107439"}],"wp:term":[{"taxonomy":"product_brand","embeddable":true,"href":"https:\/\/ifoffice.pt\/index.php?rest_route=%2Fwp%2Fv2%2Fproduct_brand&post=107439"},{"taxonomy":"product_cat","embeddable":true,"href":"https:\/\/ifoffice.pt\/index.php?rest_route=%2Fwp%2Fv2%2Fproduct_cat&post=107439"},{"taxonomy":"product_tag","embeddable":true,"href":"https:\/\/ifoffice.pt\/index.php?rest_route=%2Fwp%2Fv2%2Fproduct_tag&post=107439"}],"curies":[{"name":"wp","href":"https:\/\/api.w.org\/{rel}","templated":true}]}}