{"id":107242,"date":"2023-03-07T10:36:39","date_gmt":"2023-03-07T10:36:39","guid":{"rendered":"https:\/\/ifoffice.pt\/?post_type=product&#038;p=107242"},"modified":"2026-02-23T13:31:47","modified_gmt":"2026-02-23T13:31:47","slug":"tabuleiro-liderpapel-classificador-de-moedas-euro","status":"publish","type":"product","link":"https:\/\/ifoffice.pt\/?product=tabuleiro-liderpapel-classificador-de-moedas-euro","title":{"rendered":"Tabuleiro liderpapel classificador de moedas euro"},"content":{"rendered":"<p>Fabricada em material pl\u00e1stico de grande resist\u00eancia. Distribuida em 8 colunas com o valor de cada moeda gravada em relevo.  Altura m\u00e1xima: 38 mm. Altura m\u00ednima: 24 mm. Medidas: 155 x 28 mm.  Peso: 200 g.<\/p>\n","protected":false},"excerpt":{"rendered":"<p>Tabuleiro liderpapel classificador de moedas euro<\/p>\n","protected":false},"featured_media":130439,"comment_status":"open","ping_status":"closed","template":"","meta":{"neve_meta_sidebar":"","neve_meta_container":"","neve_meta_enable_content_width":"","neve_meta_content_width":0,"neve_meta_title_alignment":"","neve_meta_author_avatar":"","neve_post_elements_order":"","neve_meta_disable_header":"","neve_meta_disable_footer":"","neve_meta_disable_title":""},"product_brand":[],"product_cat":[1892],"product_tag":[2862],"class_list":{"0":"post-107242","1":"product","2":"type-product","3":"status-publish","4":"has-post-thumbnail","6":"product_cat-bandeja-porta-moedas","7":"product_tag-bandeja-porta-moedas","9":"first","10":"instock","11":"taxable","12":"shipping-taxable","13":"purchasable","14":"product-type-simple"},"_links":{"self":[{"href":"https:\/\/ifoffice.pt\/index.php?rest_route=\/wp\/v2\/product\/107242","targetHints":{"allow":["GET"]}}],"collection":[{"href":"https:\/\/ifoffice.pt\/index.php?rest_route=\/wp\/v2\/product"}],"about":[{"href":"https:\/\/ifoffice.pt\/index.php?rest_route=\/wp\/v2\/types\/product"}],"replies":[{"embeddable":true,"href":"https:\/\/ifoffice.pt\/index.php?rest_route=%2Fwp%2Fv2%2Fcomments&post=107242"}],"wp:featuredmedia":[{"embeddable":true,"href":"https:\/\/ifoffice.pt\/index.php?rest_route=\/wp\/v2\/media\/130439"}],"wp:attachment":[{"href":"https:\/\/ifoffice.pt\/index.php?rest_route=%2Fwp%2Fv2%2Fmedia&parent=107242"}],"wp:term":[{"taxonomy":"product_brand","embeddable":true,"href":"https:\/\/ifoffice.pt\/index.php?rest_route=%2Fwp%2Fv2%2Fproduct_brand&post=107242"},{"taxonomy":"product_cat","embeddable":true,"href":"https:\/\/ifoffice.pt\/index.php?rest_route=%2Fwp%2Fv2%2Fproduct_cat&post=107242"},{"taxonomy":"product_tag","embeddable":true,"href":"https:\/\/ifoffice.pt\/index.php?rest_route=%2Fwp%2Fv2%2Fproduct_tag&post=107242"}],"curies":[{"name":"wp","href":"https:\/\/api.w.org\/{rel}","templated":true}]}}