{"id":107129,"date":"2023-03-06T16:38:36","date_gmt":"2023-03-06T16:38:36","guid":{"rendered":"https:\/\/ifoffice.pt\/?post_type=product&#038;p=107129"},"modified":"2026-02-23T12:55:45","modified_gmt":"2026-02-23T12:55:45","slug":"165019","status":"publish","type":"product","link":"https:\/\/ifoffice.pt\/?product=165019","title":{"rendered":"Marcador stabilo aguarelavel pen 68 arty line 1 mm estojo cartao de 24 unidades cores sortidas"},"content":{"rendered":"<p>Marcador de feltro premium de cor intensa. Cores muito brilhantes e luminosas que permitem pintar com \u00e1gua. Ponta resistente com tra\u00e7o de 1 mm.  Tinta inodora \u00e0 base de \u00e1gua. Estojo com 24 marcadores. O estojo.<\/p>\n","protected":false},"excerpt":{"rendered":"<p>Marcador stabilo aguarelavel pen 68 arty line 1 mm estojo cartao de 24 unidades cores sortidas<\/p>\n","protected":false},"featured_media":0,"comment_status":"open","ping_status":"closed","template":"","meta":{"neve_meta_sidebar":"","neve_meta_container":"","neve_meta_enable_content_width":"","neve_meta_content_width":0,"neve_meta_title_alignment":"","neve_meta_author_avatar":"","neve_post_elements_order":"","neve_meta_disable_header":"","neve_meta_disable_footer":"","neve_meta_disable_title":""},"product_brand":[],"product_cat":[1751],"product_tag":[2681],"class_list":{"0":"post-107129","1":"product","2":"type-product","3":"status-publish","5":"product_cat-marcadores-de-feltro","6":"product_tag-marcadores-de-feltro","8":"first","9":"instock","10":"taxable","11":"shipping-taxable","12":"purchasable","13":"product-type-simple"},"_links":{"self":[{"href":"https:\/\/ifoffice.pt\/index.php?rest_route=\/wp\/v2\/product\/107129","targetHints":{"allow":["GET"]}}],"collection":[{"href":"https:\/\/ifoffice.pt\/index.php?rest_route=\/wp\/v2\/product"}],"about":[{"href":"https:\/\/ifoffice.pt\/index.php?rest_route=\/wp\/v2\/types\/product"}],"replies":[{"embeddable":true,"href":"https:\/\/ifoffice.pt\/index.php?rest_route=%2Fwp%2Fv2%2Fcomments&post=107129"}],"wp:attachment":[{"href":"https:\/\/ifoffice.pt\/index.php?rest_route=%2Fwp%2Fv2%2Fmedia&parent=107129"}],"wp:term":[{"taxonomy":"product_brand","embeddable":true,"href":"https:\/\/ifoffice.pt\/index.php?rest_route=%2Fwp%2Fv2%2Fproduct_brand&post=107129"},{"taxonomy":"product_cat","embeddable":true,"href":"https:\/\/ifoffice.pt\/index.php?rest_route=%2Fwp%2Fv2%2Fproduct_cat&post=107129"},{"taxonomy":"product_tag","embeddable":true,"href":"https:\/\/ifoffice.pt\/index.php?rest_route=%2Fwp%2Fv2%2Fproduct_tag&post=107129"}],"curies":[{"name":"wp","href":"https:\/\/api.w.org\/{rel}","templated":true}]}}