{"id":107033,"date":"2023-03-06T16:37:28","date_gmt":"2023-03-06T16:37:28","guid":{"rendered":"https:\/\/ifoffice.pt\/?post_type=product&#038;p=107033"},"modified":"2026-02-23T12:55:25","modified_gmt":"2026-02-23T12:55:25","slug":"165485","status":"publish","type":"product","link":"https:\/\/ifoffice.pt\/?product=165485","title":{"rendered":"Guilhotina de alavanca dahle 846 din a3 comprimento de corte 430 mm capacidade de corte 600 folhas"},"content":{"rendered":"<p>Guilhotina de alta qualidade para uso comercial. Mesa met\u00e1lica s\u00f3lida para uma estabilidade a cortar. Punho robusto para cortar sem esfor\u00e7o. L\u00e2mina superior de a\u00e7o Solingen retificada, endurecida e afi\u00e1vel. Faixa de corte modific\u00e1vel, 8 utiliza\u00e7\u00f5es. Alavanca de press\u00e3o r\u00e1pida para processos de trabalho eficientes. Batente angular precisamente ajust\u00e1vel com escala em mm para um corte exato de 90\u00b0. Estrutura pr\u00e1tica de guilhotina com bandeja e uma altura de trabalho \u00f3tima de 74 cm opcional (712). Tampa transparente de prote\u00e7\u00e3o da l\u00e2mina. Limite traseiro de metal, guiado por mandril, auto bloqueio, para agilizar o ajuste do formato. Comprimento de corte 430 mm (DIN A3). Medidas: 760 x 650 mm.<\/p>\n","protected":false},"excerpt":{"rendered":"<p>Guilhotina de alavanca dahle 846 din a3 comprimento de corte 430 mm capacidade de corte 600 folhas<\/p>\n","protected":false},"featured_media":134175,"comment_status":"open","ping_status":"closed","template":"","meta":{"neve_meta_sidebar":"","neve_meta_container":"","neve_meta_enable_content_width":"off","neve_meta_content_width":100,"neve_meta_title_alignment":"","neve_meta_author_avatar":"","neve_post_elements_order":"","neve_meta_disable_header":"","neve_meta_disable_footer":"","neve_meta_disable_title":""},"product_brand":[],"product_cat":[1878],"product_tag":[2805],"class_list":{"0":"post-107033","1":"product","2":"type-product","3":"status-publish","4":"has-post-thumbnail","6":"product_cat-cisalhas-e-guilhotinas","7":"product_tag-cisalhas-e-guilhotinas","9":"first","10":"outofstock","11":"taxable","12":"shipping-taxable","13":"purchasable","14":"product-type-simple"},"_links":{"self":[{"href":"https:\/\/ifoffice.pt\/index.php?rest_route=\/wp\/v2\/product\/107033","targetHints":{"allow":["GET"]}}],"collection":[{"href":"https:\/\/ifoffice.pt\/index.php?rest_route=\/wp\/v2\/product"}],"about":[{"href":"https:\/\/ifoffice.pt\/index.php?rest_route=\/wp\/v2\/types\/product"}],"replies":[{"embeddable":true,"href":"https:\/\/ifoffice.pt\/index.php?rest_route=%2Fwp%2Fv2%2Fcomments&post=107033"}],"wp:featuredmedia":[{"embeddable":true,"href":"https:\/\/ifoffice.pt\/index.php?rest_route=\/wp\/v2\/media\/134175"}],"wp:attachment":[{"href":"https:\/\/ifoffice.pt\/index.php?rest_route=%2Fwp%2Fv2%2Fmedia&parent=107033"}],"wp:term":[{"taxonomy":"product_brand","embeddable":true,"href":"https:\/\/ifoffice.pt\/index.php?rest_route=%2Fwp%2Fv2%2Fproduct_brand&post=107033"},{"taxonomy":"product_cat","embeddable":true,"href":"https:\/\/ifoffice.pt\/index.php?rest_route=%2Fwp%2Fv2%2Fproduct_cat&post=107033"},{"taxonomy":"product_tag","embeddable":true,"href":"https:\/\/ifoffice.pt\/index.php?rest_route=%2Fwp%2Fv2%2Fproduct_tag&post=107033"}],"curies":[{"name":"wp","href":"https:\/\/api.w.org\/{rel}","templated":true}]}}

<p>Guilhotina de alta qualidade para uso comercial. Mesa metálica sólida para uma estabilidade a cortar. Punho robusto para cortar sem esforço. Lâmina superior de aço Solingen retificada, endurecida e afiável. Faixa de corte modificável, 8 utilizações. Alavanca de pressão rápida para processos de trabalho eficientes. Batente angular precisamente ajustável com escala em mm para um corte exato de 90°. Estrutura prática de guilhotina com bandeja e uma altura de trabalho ótima de 74 cm opcional (712). Tampa transparente de proteção da lâmina. Limite traseiro de metal, guiado por mandril, auto bloqueio, para agilizar o ajuste do formato. Comprimento de corte 430 mm (DIN A3). Medidas: 760 x 650 mm.</p>
