{"id":107032,"date":"2023-03-06T16:37:28","date_gmt":"2023-03-06T16:37:28","guid":{"rendered":"https:\/\/ifoffice.pt\/?post_type=product&#038;p=107032"},"modified":"2025-05-08T08:57:02","modified_gmt":"2025-05-08T08:57:02","slug":"165571","status":"publish","type":"product","link":"https:\/\/ifoffice.pt\/?product=165571","title":{"rendered":"Cadeira rocada de escritorio com bra\u00e7os encosto em malha transpiravel e assento estofado em tecido anti fogo"},"content":{"rendered":"<p>Cadeira girat\u00f3ria regul\u00e1vel em altura. Encosto regul\u00e1vel de malha preta e assento forrado em tecido antifogo. Pist\u00e3o: cilindro de g\u00e1s para regula\u00e7\u00e3o de altura. Base de nylon. Altura da cadeira: 91 + 9 cm. Altura do encosto: 50 cm. Altura do assento: 47 cm. Largura do assento: 46 cm. Profundidade do assento: 47 cm. Bra\u00e7os: regul\u00e1veis em altura 8 cm. Rodas: especiais para parquet 6 cm \u00d8. Horas de uso: 8 horas. Peso da cadeira \/ peso m\u00e1ximo suportado: 14 kg \/ 125 kg.<\/p>\n","protected":false},"excerpt":{"rendered":"<p>Cadeira girat\u00f3ria regul\u00e1vel em altura. Encosto regul\u00e1vel de malha preta e assento forrado em tecido antifogo. Pist\u00e3o: cilindro de g\u00e1s para regula\u00e7\u00e3o de altura. Base de nylon. Altura da cadeira: 91 + 9 cm. Altura do encosto: 50 cm. Altura do assento: 47 cm. Largura do assento: 46 cm. Profundidade do assento: 47 cm. Bra\u00e7os: regul\u00e1veis em altura 8 cm. Rodas: especiais para parquet 6 cm \u00d8. Horas de uso: 8 horas. Peso da cadeira \/ peso m\u00e1ximo suportado: 14 kg \/ 125 kg.<\/p>\n","protected":false},"featured_media":0,"comment_status":"open","ping_status":"closed","template":"","meta":{"neve_meta_sidebar":"","neve_meta_container":"","neve_meta_enable_content_width":"off","neve_meta_content_width":100,"neve_meta_title_alignment":"","neve_meta_author_avatar":"","neve_post_elements_order":"","neve_meta_disable_header":"","neve_meta_disable_footer":"","neve_meta_disable_title":""},"product_brand":[],"product_cat":[1817],"product_tag":[2804],"class_list":{"0":"post-107032","1":"product","2":"type-product","3":"status-publish","5":"product_cat-cadeiras","6":"product_tag-cadeiras","8":"first","9":"outofstock","10":"taxable","11":"shipping-taxable","12":"purchasable","13":"product-type-variable","14":"has-default-attributes"},"_links":{"self":[{"href":"https:\/\/ifoffice.pt\/index.php?rest_route=\/wp\/v2\/product\/107032","targetHints":{"allow":["GET"]}}],"collection":[{"href":"https:\/\/ifoffice.pt\/index.php?rest_route=\/wp\/v2\/product"}],"about":[{"href":"https:\/\/ifoffice.pt\/index.php?rest_route=\/wp\/v2\/types\/product"}],"replies":[{"embeddable":true,"href":"https:\/\/ifoffice.pt\/index.php?rest_route=%2Fwp%2Fv2%2Fcomments&post=107032"}],"wp:attachment":[{"href":"https:\/\/ifoffice.pt\/index.php?rest_route=%2Fwp%2Fv2%2Fmedia&parent=107032"}],"wp:term":[{"taxonomy":"product_brand","embeddable":true,"href":"https:\/\/ifoffice.pt\/index.php?rest_route=%2Fwp%2Fv2%2Fproduct_brand&post=107032"},{"taxonomy":"product_cat","embeddable":true,"href":"https:\/\/ifoffice.pt\/index.php?rest_route=%2Fwp%2Fv2%2Fproduct_cat&post=107032"},{"taxonomy":"product_tag","embeddable":true,"href":"https:\/\/ifoffice.pt\/index.php?rest_route=%2Fwp%2Fv2%2Fproduct_tag&post=107032"}],"curies":[{"name":"wp","href":"https:\/\/api.w.org\/{rel}","templated":true}]}}

Cadeira rocada de escritorio com braços encosto em malha transpiravel e assento estofado em tecido anti fogo

<p>Cadeira giratória regulável em altura. Encosto regulável de malha preta e assento forrado em tecido antifogo. Pistão: cilindro de gás para regulação de altura. Base de nylon. Altura da cadeira: 91 + 9 cm. Altura do encosto: 50 cm. Altura do assento: 47 cm. Largura do assento: 46 cm. Profundidade do assento: 47 cm. Braços: reguláveis em altura 8 cm. Rodas: especiais para parquet 6 cm Ø. Horas de uso: 8 horas. Peso da cadeira / peso máximo suportado: 14 kg / 125 kg.</p>
