{"id":107029,"date":"2023-03-06T16:37:27","date_gmt":"2023-03-06T16:37:27","guid":{"rendered":"https:\/\/ifoffice.pt\/?post_type=product&#038;p=107029"},"modified":"2026-02-23T12:55:25","modified_gmt":"2026-02-23T12:55:25","slug":"165574","status":"publish","type":"product","link":"https:\/\/ifoffice.pt\/?product=165574","title":{"rendered":"Cadeira rocada de direca sistema asincro com bracos cor preto"},"content":{"rendered":"<p>CADEIRA GIRAT\u00d3RIA REGUL\u00c1VEL EM ALTURA. ENCOSTO REGUL\u00c1VEL E ASSENTO FORRADO EM TECIDO ANTIFOGO. PIST\u00c3O: CILINDRO DE G\u00c1S PARA REGULA\u00c7\u00c3O DE ALTURA.    BASE: DE NYLON. ALTURA DA CADEIRA: 99 +13 CM. ALTURA DO ENCOSTO: 49 CM.   ALTURA DO ASSENTO: 46 CM. LARGURA DO ASSENTO: 46 CM. PROFUNDIDADE DO ASSENTO: 44 CM. BRA\u00c7OS: REGUL\u00c1VEIS EM ALTURA 8 CM.  RODAS: ESPECIAIS PARA PARQUET 6 CM \u00d8.  HORAS DE USO: 8 HORAS. PESO DA CADEIRA \/ PESO M\u00c1XIMO SUPORTADO: 14 KG \/125 KG.<\/p>\n","protected":false},"excerpt":{"rendered":"<p>Cadeira rocada de direca sistema asincro com bracos cor preto<\/p>\n","protected":false},"featured_media":0,"comment_status":"open","ping_status":"closed","template":"","meta":{"neve_meta_sidebar":"","neve_meta_container":"","neve_meta_enable_content_width":"","neve_meta_content_width":0,"neve_meta_title_alignment":"","neve_meta_author_avatar":"","neve_post_elements_order":"","neve_meta_disable_header":"","neve_meta_disable_footer":"","neve_meta_disable_title":""},"product_brand":[],"product_cat":[1817],"product_tag":[2804],"class_list":{"0":"post-107029","1":"product","2":"type-product","3":"status-publish","5":"product_cat-cadeiras","6":"product_tag-cadeiras","8":"first","9":"outofstock","10":"taxable","11":"shipping-taxable","12":"purchasable","13":"product-type-simple"},"_links":{"self":[{"href":"https:\/\/ifoffice.pt\/index.php?rest_route=\/wp\/v2\/product\/107029","targetHints":{"allow":["GET"]}}],"collection":[{"href":"https:\/\/ifoffice.pt\/index.php?rest_route=\/wp\/v2\/product"}],"about":[{"href":"https:\/\/ifoffice.pt\/index.php?rest_route=\/wp\/v2\/types\/product"}],"replies":[{"embeddable":true,"href":"https:\/\/ifoffice.pt\/index.php?rest_route=%2Fwp%2Fv2%2Fcomments&post=107029"}],"wp:attachment":[{"href":"https:\/\/ifoffice.pt\/index.php?rest_route=%2Fwp%2Fv2%2Fmedia&parent=107029"}],"wp:term":[{"taxonomy":"product_brand","embeddable":true,"href":"https:\/\/ifoffice.pt\/index.php?rest_route=%2Fwp%2Fv2%2Fproduct_brand&post=107029"},{"taxonomy":"product_cat","embeddable":true,"href":"https:\/\/ifoffice.pt\/index.php?rest_route=%2Fwp%2Fv2%2Fproduct_cat&post=107029"},{"taxonomy":"product_tag","embeddable":true,"href":"https:\/\/ifoffice.pt\/index.php?rest_route=%2Fwp%2Fv2%2Fproduct_tag&post=107029"}],"curies":[{"name":"wp","href":"https:\/\/api.w.org\/{rel}","templated":true}]}}

<p>CADEIRA GIRATÓRIA REGULÁVEL EM ALTURA. ENCOSTO REGULÁVEL E ASSENTO FORRADO EM TECIDO ANTIFOGO. PISTÃO: CILINDRO DE GÁS PARA REGULAÇÃO DE ALTURA.    BASE: DE NYLON. ALTURA DA CADEIRA: 99 +13 CM. ALTURA DO ENCOSTO: 49 CM.   ALTURA DO ASSENTO: 46 CM. LARGURA DO ASSENTO: 46 CM. PROFUNDIDADE DO ASSENTO: 44 CM. BRAÇOS: REGULÁVEIS EM ALTURA 8 CM.  RODAS: ESPECIAIS PARA PARQUET 6 CM Ø.  HORAS DE USO: 8 HORAS. PESO DA CADEIRA / PESO MÁXIMO SUPORTADO: 14 KG /125 KG.</p>
