{"id":107028,"date":"2023-03-06T16:37:27","date_gmt":"2023-03-06T16:37:27","guid":{"rendered":"https:\/\/ifoffice.pt\/?post_type=product&#038;p=107028"},"modified":"2025-03-12T12:15:26","modified_gmt":"2025-03-12T12:15:26","slug":"165575","status":"publish","type":"product","link":"https:\/\/ifoffice.pt\/?product=165575","title":{"rendered":"Cadeira rocada de escritorio com bra\u00e7os encosto em malha transpiravel e assento regulavel estofado em tecido"},"content":{"rendered":"<p>Cadeira girat\u00f3ria regul\u00e1vel em altura. Encosto regul\u00e1vel de malha preta e assento forrado em tecido antifogo. Pist\u00e3o: cilindro de g\u00e1s para regula\u00e7\u00e3o de altura. Base: de nylon. Altura da cadeira: 99,5 + 8 cm. Altura do encosto: 53,5 cm. Altura do assento: 51 cm. Largura do assento: 45 cm.  Profundidade do assento: 49 cm. Bra\u00e7os: regul\u00e1veis em altura 10 cm. Rodas: especiais de pl\u00e1stico para parquet 6 cm \u00d8. Horas de uso: 8 horas. Peso da cadeira \/ peso m\u00e1ximo suportado: 17 kg\/125 kg.<\/p>\n","protected":false},"excerpt":{"rendered":"<p>Cadeira girat\u00f3ria regul\u00e1vel em altura. Encosto regul\u00e1vel de malha preta e assento forrado em tecido antifogo. Pist\u00e3o: cilindro de g\u00e1s para regula\u00e7\u00e3o de altura. Base: de nylon. Altura da cadeira: 99,5 + 8 cm. Altura do encosto: 53,5 cm. Altura do assento: 51 cm. Largura do assento: 45 cm. Profundidade do assento: 49 cm. Bra\u00e7os: regul\u00e1veis em altura 10 cm. Rodas: especiais de pl\u00e1stico para parquet 6 cm \u00d8. Horas de uso: 8 horas. Peso da cadeira \/ peso m\u00e1ximo suportado: 17 kg\/125 kg.<\/p>\n","protected":false},"featured_media":0,"comment_status":"open","ping_status":"closed","template":"","meta":{"neve_meta_sidebar":"","neve_meta_container":"","neve_meta_enable_content_width":"","neve_meta_content_width":0,"neve_meta_title_alignment":"","neve_meta_author_avatar":"","neve_post_elements_order":"","neve_meta_disable_header":"","neve_meta_disable_footer":"","neve_meta_disable_title":""},"product_brand":[],"product_cat":[1817],"product_tag":[2804],"class_list":{"0":"post-107028","1":"product","2":"type-product","3":"status-publish","5":"product_cat-cadeiras","6":"product_tag-cadeiras","8":"first","9":"outofstock","10":"taxable","11":"shipping-taxable","12":"purchasable","13":"product-type-simple"},"_links":{"self":[{"href":"https:\/\/ifoffice.pt\/index.php?rest_route=\/wp\/v2\/product\/107028","targetHints":{"allow":["GET"]}}],"collection":[{"href":"https:\/\/ifoffice.pt\/index.php?rest_route=\/wp\/v2\/product"}],"about":[{"href":"https:\/\/ifoffice.pt\/index.php?rest_route=\/wp\/v2\/types\/product"}],"replies":[{"embeddable":true,"href":"https:\/\/ifoffice.pt\/index.php?rest_route=%2Fwp%2Fv2%2Fcomments&post=107028"}],"wp:attachment":[{"href":"https:\/\/ifoffice.pt\/index.php?rest_route=%2Fwp%2Fv2%2Fmedia&parent=107028"}],"wp:term":[{"taxonomy":"product_brand","embeddable":true,"href":"https:\/\/ifoffice.pt\/index.php?rest_route=%2Fwp%2Fv2%2Fproduct_brand&post=107028"},{"taxonomy":"product_cat","embeddable":true,"href":"https:\/\/ifoffice.pt\/index.php?rest_route=%2Fwp%2Fv2%2Fproduct_cat&post=107028"},{"taxonomy":"product_tag","embeddable":true,"href":"https:\/\/ifoffice.pt\/index.php?rest_route=%2Fwp%2Fv2%2Fproduct_tag&post=107028"}],"curies":[{"name":"wp","href":"https:\/\/api.w.org\/{rel}","templated":true}]}}

Cadeira rocada de escritorio com braços encosto em malha transpiravel e assento regulavel estofado em tecido

<p>Cadeira giratória regulável em altura. Encosto regulável de malha preta e assento forrado em tecido antifogo. Pistão: cilindro de gás para regulação de altura. Base: de nylon. Altura da cadeira: 99,5 + 8 cm. Altura do encosto: 53,5 cm. Altura do assento: 51 cm. Largura do assento: 45 cm.  Profundidade do assento: 49 cm. Braços: reguláveis em altura 10 cm. Rodas: especiais de plástico para parquet 6 cm Ø. Horas de uso: 8 horas. Peso da cadeira / peso máximo suportado: 17 kg/125 kg.</p>

<p>Cadeira giratória regulável em altura. Encosto regulável de malha preta e assento forrado em tecido antifogo. Pistão: cilindro de gás para regulação de altura. Base: de nylon. Altura da cadeira: 99,5 + 8 cm. Altura do encosto: 53,5 cm. Altura do assento: 51 cm. Largura do assento: 45 cm. Profundidade do assento: 49 cm. Braços: reguláveis em altura 10 cm. Rodas: especiais de plástico para parquet 6 cm Ø. Horas de uso: 8 horas. Peso da cadeira / peso máximo suportado: 17 kg/125 kg.</p>
