{"id":107025,"date":"2023-03-06T16:37:25","date_gmt":"2023-03-06T16:37:25","guid":{"rendered":"https:\/\/ifoffice.pt\/?post_type=product&#038;p=107025"},"modified":"2026-02-23T12:55:20","modified_gmt":"2026-02-23T12:55:20","slug":"165737","status":"publish","type":"product","link":"https:\/\/ifoffice.pt\/?product=165737","title":{"rendered":"M\u00e1quina de arredondamento de cantos yosan mc8 varias matrizes"},"content":{"rendered":"<p>Ferramenta para arredondamento de cantos de papel, termo laminado, plastificado, fotos, credenciais, cart\u00f5es de visita, etc. F\u00e1cil\u00a0e\u00a0c\u00f3moda maneabilidade. Com uma alavanca ergon\u00f3mica de qualidade. Matrizes intercambi\u00e1veis: furo de 6\u00a0mm, arredondado de raio de 3,5 mm, esquina (meia lua), arredondado de 10 mm e corte reto. Medidas: 140 x 227 x 147 mm. Peso: 2,3\u00a0kg.<\/p>\n","protected":false},"excerpt":{"rendered":"<p>M\u00e1quina de arredondamento de cantos yosan mc8 varias matrizes<\/p>\n","protected":false},"featured_media":113120,"comment_status":"open","ping_status":"closed","template":"","meta":{"neve_meta_sidebar":"","neve_meta_container":"","neve_meta_enable_content_width":"","neve_meta_content_width":0,"neve_meta_title_alignment":"","neve_meta_author_avatar":"","neve_post_elements_order":"","neve_meta_disable_header":"","neve_meta_disable_footer":"","neve_meta_disable_title":""},"product_brand":[],"product_cat":[1852],"product_tag":[2787],"class_list":{"0":"post-107025","1":"product","2":"type-product","3":"status-publish","4":"has-post-thumbnail","6":"product_cat-encadernadoras","7":"product_tag-encadernadoras","9":"first","10":"instock","11":"taxable","12":"shipping-taxable","13":"purchasable","14":"product-type-simple"},"_links":{"self":[{"href":"https:\/\/ifoffice.pt\/index.php?rest_route=\/wp\/v2\/product\/107025","targetHints":{"allow":["GET"]}}],"collection":[{"href":"https:\/\/ifoffice.pt\/index.php?rest_route=\/wp\/v2\/product"}],"about":[{"href":"https:\/\/ifoffice.pt\/index.php?rest_route=\/wp\/v2\/types\/product"}],"replies":[{"embeddable":true,"href":"https:\/\/ifoffice.pt\/index.php?rest_route=%2Fwp%2Fv2%2Fcomments&post=107025"}],"wp:featuredmedia":[{"embeddable":true,"href":"https:\/\/ifoffice.pt\/index.php?rest_route=\/wp\/v2\/media\/113120"}],"wp:attachment":[{"href":"https:\/\/ifoffice.pt\/index.php?rest_route=%2Fwp%2Fv2%2Fmedia&parent=107025"}],"wp:term":[{"taxonomy":"product_brand","embeddable":true,"href":"https:\/\/ifoffice.pt\/index.php?rest_route=%2Fwp%2Fv2%2Fproduct_brand&post=107025"},{"taxonomy":"product_cat","embeddable":true,"href":"https:\/\/ifoffice.pt\/index.php?rest_route=%2Fwp%2Fv2%2Fproduct_cat&post=107025"},{"taxonomy":"product_tag","embeddable":true,"href":"https:\/\/ifoffice.pt\/index.php?rest_route=%2Fwp%2Fv2%2Fproduct_tag&post=107025"}],"curies":[{"name":"wp","href":"https:\/\/api.w.org\/{rel}","templated":true}]}}