{"id":106953,"date":"2023-03-06T16:36:34","date_gmt":"2023-03-06T16:36:34","guid":{"rendered":"https:\/\/ifoffice.pt\/?post_type=product&#038;p=106953"},"modified":"2026-02-23T12:55:03","modified_gmt":"2026-02-23T12:55:03","slug":"166026","status":"publish","type":"product","link":"https:\/\/ifoffice.pt\/?product=166026","title":{"rendered":"Pilha varta superlife aa tipo lr-6 blister de 4 unidades"},"content":{"rendered":"<p>Fi\u00e1vel e econ\u00f3mica. A gama de zinco-carbono Varta Superlife combina uma excelente qualidade com poupan\u00e7a. Ideal para dispositivos de baixo consumo, como rel\u00f3gios de parede, despertadores e comandos. O blister de 4 pilhas.<\/p>\n","protected":false},"excerpt":{"rendered":"<p>Pilha varta superlife aa tipo lr-6 blister de 4 unidades<\/p>\n","protected":false},"featured_media":113049,"comment_status":"open","ping_status":"closed","template":"","meta":{"neve_meta_sidebar":"","neve_meta_container":"","neve_meta_enable_content_width":"off","neve_meta_content_width":100,"neve_meta_title_alignment":"","neve_meta_author_avatar":"","neve_post_elements_order":"","neve_meta_disable_header":"","neve_meta_disable_footer":"","neve_meta_disable_title":""},"product_brand":[],"product_cat":[1851],"product_tag":[3027,3028],"class_list":{"0":"post-106953","1":"product","2":"type-product","3":"status-publish","4":"has-post-thumbnail","6":"product_cat-pilhas-alcalinas-recarregaveis","7":"product_tag-pilhas-alcalinas","8":"product_tag-recarregaveis","10":"first","11":"instock","12":"taxable","13":"shipping-taxable","14":"purchasable","15":"product-type-simple"},"_links":{"self":[{"href":"https:\/\/ifoffice.pt\/index.php?rest_route=\/wp\/v2\/product\/106953","targetHints":{"allow":["GET"]}}],"collection":[{"href":"https:\/\/ifoffice.pt\/index.php?rest_route=\/wp\/v2\/product"}],"about":[{"href":"https:\/\/ifoffice.pt\/index.php?rest_route=\/wp\/v2\/types\/product"}],"replies":[{"embeddable":true,"href":"https:\/\/ifoffice.pt\/index.php?rest_route=%2Fwp%2Fv2%2Fcomments&post=106953"}],"wp:featuredmedia":[{"embeddable":true,"href":"https:\/\/ifoffice.pt\/index.php?rest_route=\/wp\/v2\/media\/113049"}],"wp:attachment":[{"href":"https:\/\/ifoffice.pt\/index.php?rest_route=%2Fwp%2Fv2%2Fmedia&parent=106953"}],"wp:term":[{"taxonomy":"product_brand","embeddable":true,"href":"https:\/\/ifoffice.pt\/index.php?rest_route=%2Fwp%2Fv2%2Fproduct_brand&post=106953"},{"taxonomy":"product_cat","embeddable":true,"href":"https:\/\/ifoffice.pt\/index.php?rest_route=%2Fwp%2Fv2%2Fproduct_cat&post=106953"},{"taxonomy":"product_tag","embeddable":true,"href":"https:\/\/ifoffice.pt\/index.php?rest_route=%2Fwp%2Fv2%2Fproduct_tag&post=106953"}],"curies":[{"name":"wp","href":"https:\/\/api.w.org\/{rel}","templated":true}]}}