{"id":106944,"date":"2023-03-06T16:36:26","date_gmt":"2023-03-06T16:36:26","guid":{"rendered":"https:\/\/ifoffice.pt\/?post_type=product&#038;p=106944"},"modified":"2026-02-23T12:55:01","modified_gmt":"2026-02-23T12:55:01","slug":"166036","status":"publish","type":"product","link":"https:\/\/ifoffice.pt\/?product=166036","title":{"rendered":"Expositor yosan roll up aluminio 1 face largura 100 cm altura 200 cm"},"content":{"rendered":"<p>Expositor dobr\u00e1vel de uma face. F\u00e1cil e c\u00f3modo de transportar com a sua bolsa. Perfeito para usar em todo tipo de eventos, exposi\u00e7\u00f5es, feiras comerciais ou como cartaz promocional na porta de uma loja.<\/p>\n","protected":false},"excerpt":{"rendered":"<p>Expositor yosan roll up aluminio 1 face largura 100 cm altura 200 cm<\/p>\n","protected":false},"featured_media":113040,"comment_status":"open","ping_status":"closed","template":"","meta":{"neve_meta_sidebar":"","neve_meta_container":"","neve_meta_enable_content_width":"","neve_meta_content_width":0,"neve_meta_title_alignment":"","neve_meta_author_avatar":"","neve_post_elements_order":"","neve_meta_disable_header":"","neve_meta_disable_footer":"","neve_meta_disable_title":""},"product_brand":[],"product_cat":[2486],"product_tag":[2771],"class_list":{"0":"post-106944","1":"product","2":"type-product","3":"status-publish","4":"has-post-thumbnail","6":"product_cat-paineis-de-sinalizacao","7":"product_tag-painais-de-sinalizaaao","9":"first","10":"instock","11":"taxable","12":"shipping-taxable","13":"purchasable","14":"product-type-simple"},"_links":{"self":[{"href":"https:\/\/ifoffice.pt\/index.php?rest_route=\/wp\/v2\/product\/106944","targetHints":{"allow":["GET"]}}],"collection":[{"href":"https:\/\/ifoffice.pt\/index.php?rest_route=\/wp\/v2\/product"}],"about":[{"href":"https:\/\/ifoffice.pt\/index.php?rest_route=\/wp\/v2\/types\/product"}],"replies":[{"embeddable":true,"href":"https:\/\/ifoffice.pt\/index.php?rest_route=%2Fwp%2Fv2%2Fcomments&post=106944"}],"wp:featuredmedia":[{"embeddable":true,"href":"https:\/\/ifoffice.pt\/index.php?rest_route=\/wp\/v2\/media\/113040"}],"wp:attachment":[{"href":"https:\/\/ifoffice.pt\/index.php?rest_route=%2Fwp%2Fv2%2Fmedia&parent=106944"}],"wp:term":[{"taxonomy":"product_brand","embeddable":true,"href":"https:\/\/ifoffice.pt\/index.php?rest_route=%2Fwp%2Fv2%2Fproduct_brand&post=106944"},{"taxonomy":"product_cat","embeddable":true,"href":"https:\/\/ifoffice.pt\/index.php?rest_route=%2Fwp%2Fv2%2Fproduct_cat&post=106944"},{"taxonomy":"product_tag","embeddable":true,"href":"https:\/\/ifoffice.pt\/index.php?rest_route=%2Fwp%2Fv2%2Fproduct_tag&post=106944"}],"curies":[{"name":"wp","href":"https:\/\/api.w.org\/{rel}","templated":true}]}}