{"id":106821,"date":"2023-03-06T16:35:11","date_gmt":"2023-03-06T16:35:11","guid":{"rendered":"https:\/\/ifoffice.pt\/?post_type=product&#038;p=106821"},"modified":"2026-02-23T12:54:39","modified_gmt":"2026-02-23T12:54:39","slug":"166176","status":"publish","type":"product","link":"https:\/\/ifoffice.pt\/?product=166176","title":{"rendered":"Candeeiro de escritorio archivo 2000 com braco duplo articulado regulavel em altura led 3w cor prata metalizada"},"content":{"rendered":"<p>Candeeiro LED fabricado em ABS e metal. Acabamento mate de grande qualidade. Altura regul\u00e1vel gra\u00e7as ao seu bra\u00e7o duplo articulado. Pot\u00eancia: 3W &#8211; 230V. Fluxo luminoso: 200 l\u00famen. Temperatura de cor: 3000 K (branco quente). Tempo de vida estimado: 30 000 h. Medidas: 130 x 170 + 270 mm x 130 mm.<\/p>\n","protected":false},"excerpt":{"rendered":"<p>Candeeiro de escritorio archivo 2000 com braco duplo articulado regulavel em altura led 3w cor prata metalizada<\/p>\n","protected":false},"featured_media":112917,"comment_status":"open","ping_status":"closed","template":"","meta":{"neve_meta_sidebar":"","neve_meta_container":"","neve_meta_enable_content_width":"","neve_meta_content_width":0,"neve_meta_title_alignment":"","neve_meta_author_avatar":"","neve_post_elements_order":"","neve_meta_disable_header":"","neve_meta_disable_footer":"","neve_meta_disable_title":""},"product_brand":[],"product_cat":[1831],"product_tag":[2774],"class_list":{"0":"post-106821","1":"product","2":"type-product","3":"status-publish","4":"has-post-thumbnail","6":"product_cat-candeeiros-de-escritorio","7":"product_tag-candeeiros-de-escritario","9":"first","10":"instock","11":"taxable","12":"shipping-taxable","13":"purchasable","14":"product-type-simple"},"_links":{"self":[{"href":"https:\/\/ifoffice.pt\/index.php?rest_route=\/wp\/v2\/product\/106821","targetHints":{"allow":["GET"]}}],"collection":[{"href":"https:\/\/ifoffice.pt\/index.php?rest_route=\/wp\/v2\/product"}],"about":[{"href":"https:\/\/ifoffice.pt\/index.php?rest_route=\/wp\/v2\/types\/product"}],"replies":[{"embeddable":true,"href":"https:\/\/ifoffice.pt\/index.php?rest_route=%2Fwp%2Fv2%2Fcomments&post=106821"}],"wp:featuredmedia":[{"embeddable":true,"href":"https:\/\/ifoffice.pt\/index.php?rest_route=\/wp\/v2\/media\/112917"}],"wp:attachment":[{"href":"https:\/\/ifoffice.pt\/index.php?rest_route=%2Fwp%2Fv2%2Fmedia&parent=106821"}],"wp:term":[{"taxonomy":"product_brand","embeddable":true,"href":"https:\/\/ifoffice.pt\/index.php?rest_route=%2Fwp%2Fv2%2Fproduct_brand&post=106821"},{"taxonomy":"product_cat","embeddable":true,"href":"https:\/\/ifoffice.pt\/index.php?rest_route=%2Fwp%2Fv2%2Fproduct_cat&post=106821"},{"taxonomy":"product_tag","embeddable":true,"href":"https:\/\/ifoffice.pt\/index.php?rest_route=%2Fwp%2Fv2%2Fproduct_tag&post=106821"}],"curies":[{"name":"wp","href":"https:\/\/api.w.org\/{rel}","templated":true}]}}