{"id":106802,"date":"2023-03-06T16:34:59","date_gmt":"2023-03-06T16:34:59","guid":{"rendered":"https:\/\/ifoffice.pt\/?post_type=product&#038;p=106802"},"modified":"2026-02-23T12:54:36","modified_gmt":"2026-02-23T12:54:36","slug":"166195","status":"publish","type":"product","link":"https:\/\/ifoffice.pt\/?product=166195","title":{"rendered":"Quadro nobo magnetico para a casa cor cinza 36&#215;36 cm"},"content":{"rendered":"<p>Quadro magn\u00e9tico de apagar a seco de 9 mm de espessura, sem moldura. Pode-se montar na parede com almofadas adesivas ou em superf\u00edcies met\u00e1licas como frigor\u00edficos com \u00edmanes. Com um clip porta marcador. Fornecido com um marcador para quadro,  2 \u00edmanes e almofadas adesivas e \u00edmanes de montagem. Medidas: 36 x 36 cm.<\/p>\n","protected":false},"excerpt":{"rendered":"<p>Quadro nobo magnetico para a casa cor cinza 36&#215;36 cm<\/p>\n","protected":false},"featured_media":112900,"comment_status":"open","ping_status":"closed","template":"","meta":{"neve_meta_sidebar":"","neve_meta_container":"","neve_meta_enable_content_width":"","neve_meta_content_width":0,"neve_meta_title_alignment":"","neve_meta_author_avatar":"","neve_post_elements_order":"","neve_meta_disable_header":"","neve_meta_disable_footer":"","neve_meta_disable_title":""},"product_brand":[],"product_cat":[1863],"product_tag":[2772],"class_list":{"0":"post-106802","1":"product","2":"type-product","3":"status-publish","4":"has-post-thumbnail","6":"product_cat-quadros-brancos","7":"product_tag-quadros-brancos","9":"first","10":"instock","11":"taxable","12":"shipping-taxable","13":"purchasable","14":"product-type-simple"},"_links":{"self":[{"href":"https:\/\/ifoffice.pt\/index.php?rest_route=\/wp\/v2\/product\/106802","targetHints":{"allow":["GET"]}}],"collection":[{"href":"https:\/\/ifoffice.pt\/index.php?rest_route=\/wp\/v2\/product"}],"about":[{"href":"https:\/\/ifoffice.pt\/index.php?rest_route=\/wp\/v2\/types\/product"}],"replies":[{"embeddable":true,"href":"https:\/\/ifoffice.pt\/index.php?rest_route=%2Fwp%2Fv2%2Fcomments&post=106802"}],"wp:featuredmedia":[{"embeddable":true,"href":"https:\/\/ifoffice.pt\/index.php?rest_route=\/wp\/v2\/media\/112900"}],"wp:attachment":[{"href":"https:\/\/ifoffice.pt\/index.php?rest_route=%2Fwp%2Fv2%2Fmedia&parent=106802"}],"wp:term":[{"taxonomy":"product_brand","embeddable":true,"href":"https:\/\/ifoffice.pt\/index.php?rest_route=%2Fwp%2Fv2%2Fproduct_brand&post=106802"},{"taxonomy":"product_cat","embeddable":true,"href":"https:\/\/ifoffice.pt\/index.php?rest_route=%2Fwp%2Fv2%2Fproduct_cat&post=106802"},{"taxonomy":"product_tag","embeddable":true,"href":"https:\/\/ifoffice.pt\/index.php?rest_route=%2Fwp%2Fv2%2Fproduct_tag&post=106802"}],"curies":[{"name":"wp","href":"https:\/\/api.w.org\/{rel}","templated":true}]}}

<p>Quadro magnético de apagar a seco de 9 mm de espessura, sem moldura. Pode-se montar na parede com almofadas adesivas ou em superfícies metálicas como frigoríficos com ímanes. Com um clip porta marcador. Fornecido com um marcador para quadro,  2 ímanes e almofadas adesivas e ímanes de montagem. Medidas: 36 x 36 cm.</p>
