{"id":106547,"date":"2023-03-06T16:32:28","date_gmt":"2023-03-06T16:32:28","guid":{"rendered":"https:\/\/ifoffice.pt\/?post_type=product&#038;p=106547"},"modified":"2025-03-12T14:19:51","modified_gmt":"2025-03-12T14:19:51","slug":"166605","status":"publish","type":"product","link":"https:\/\/ifoffice.pt\/?product=166605","title":{"rendered":"Adaptador belkin avc001btbk usb-c para vga + carregador cor preto"},"content":{"rendered":"<p>Corrente e video por uma \u00fanica porta. Adaptador USB-C para VGA com Power Delivery at\u00e9 60 W. Admite resolu\u00e7\u00e3o de v\u00eddeo HD at\u00e9 1920 x 1200 (1080p) a 60 Hz. Garantia de 2 anos. Cor preta. Medidas:  59 x 14 mm. Comprimento do cabo: 130 mm. O adaptador.<\/p>\n","protected":false},"excerpt":{"rendered":"<p>Corrente e video por uma \u00fanica porta. Adaptador USB-C para VGA com Power Delivery at\u00e9 60 W. Admite resolu\u00e7\u00e3o de v\u00eddeo HD at\u00e9 1920 x 1200 (1080p) a 60 Hz. Garantia de 2 anos. Cor preta. Medidas: 59 x 14 mm. Comprimento do cabo: 130 mm. O adaptador.<\/p>\n","protected":false},"featured_media":131344,"comment_status":"open","ping_status":"closed","template":"","meta":{"neve_meta_sidebar":"","neve_meta_container":"","neve_meta_enable_content_width":"","neve_meta_content_width":0,"neve_meta_title_alignment":"","neve_meta_author_avatar":"","neve_post_elements_order":"","neve_meta_disable_header":"","neve_meta_disable_footer":"","neve_meta_disable_title":""},"product_brand":[],"product_cat":[1819],"product_tag":[2747],"class_list":{"0":"post-106547","1":"product","2":"type-product","3":"status-publish","4":"has-post-thumbnail","6":"product_cat-conectividade-cabos-wifi-hub","7":"product_tag-conetividadecaboswifihub","9":"first","10":"instock","11":"taxable","12":"shipping-taxable","13":"purchasable","14":"product-type-simple"},"_links":{"self":[{"href":"https:\/\/ifoffice.pt\/index.php?rest_route=\/wp\/v2\/product\/106547","targetHints":{"allow":["GET"]}}],"collection":[{"href":"https:\/\/ifoffice.pt\/index.php?rest_route=\/wp\/v2\/product"}],"about":[{"href":"https:\/\/ifoffice.pt\/index.php?rest_route=\/wp\/v2\/types\/product"}],"replies":[{"embeddable":true,"href":"https:\/\/ifoffice.pt\/index.php?rest_route=%2Fwp%2Fv2%2Fcomments&post=106547"}],"wp:featuredmedia":[{"embeddable":true,"href":"https:\/\/ifoffice.pt\/index.php?rest_route=\/wp\/v2\/media\/131344"}],"wp:attachment":[{"href":"https:\/\/ifoffice.pt\/index.php?rest_route=%2Fwp%2Fv2%2Fmedia&parent=106547"}],"wp:term":[{"taxonomy":"product_brand","embeddable":true,"href":"https:\/\/ifoffice.pt\/index.php?rest_route=%2Fwp%2Fv2%2Fproduct_brand&post=106547"},{"taxonomy":"product_cat","embeddable":true,"href":"https:\/\/ifoffice.pt\/index.php?rest_route=%2Fwp%2Fv2%2Fproduct_cat&post=106547"},{"taxonomy":"product_tag","embeddable":true,"href":"https:\/\/ifoffice.pt\/index.php?rest_route=%2Fwp%2Fv2%2Fproduct_tag&post=106547"}],"curies":[{"name":"wp","href":"https:\/\/api.w.org\/{rel}","templated":true}]}}

<p>Corrente e video por uma única porta. Adaptador USB-C para VGA com Power Delivery até 60 W. Admite resolução de vídeo HD até 1920 x 1200 (1080p) a 60 Hz. Garantia de 2 anos. Cor preta. Medidas:  59 x 14 mm. Comprimento do cabo: 130 mm. O adaptador.</p>

<p>Corrente e video por uma única porta. Adaptador USB-C para VGA com Power Delivery até 60 W. Admite resolução de vídeo HD até 1920 x 1200 (1080p) a 60 Hz. Garantia de 2 anos. Cor preta. Medidas: 59 x 14 mm. Comprimento do cabo: 130 mm. O adaptador.</p>
