{"id":106527,"date":"2023-03-06T16:32:11","date_gmt":"2023-03-06T16:32:11","guid":{"rendered":"https:\/\/ifoffice.pt\/?post_type=product&#038;p=106527"},"modified":"2025-03-12T14:19:47","modified_gmt":"2025-03-12T14:19:47","slug":"166626","status":"publish","type":"product","link":"https:\/\/ifoffice.pt\/?product=166626","title":{"rendered":"Auricular trust hs-200 com microfone ajustavel usb 2,0 comprimento do cabo 1,80 mt cor preto"},"content":{"rendered":"<p>Compacto conjunto de auriculares USB com almofadas suaves e diadema ajust\u00e1vel. Microfone ajust\u00e1vel com qualidade n\u00edtida de \u00e1udio e voz digitais. Cabo de 1,8 m com controlos integrados que permitem ajustar facilmente o volume e silenciar o microfone. A fun\u00e7\u00e3o plug-and-play aajuda a conectar-se instantaneamente com os colegas. Medidas: 180 x 140 x 60 mm. Peso: 146 g. Os auriculares.<\/p>\n","protected":false},"excerpt":{"rendered":"<p>Compacto conjunto de auriculares USB com almofadas suaves e diadema ajust\u00e1vel. Microfone ajust\u00e1vel com qualidade n\u00edtida de \u00e1udio e voz digitais. Cabo de 1,8 m com controlos integrados que permitem ajustar facilmente o volume e silenciar o microfone. A fun\u00e7\u00e3o plug-and-play aajuda a conectar-se instantaneamente com os colegas. Medidas: 180 x 140 x 60 mm. Peso: 146 g. Os auriculares.<\/p>\n","protected":false},"featured_media":133040,"comment_status":"open","ping_status":"closed","template":"","meta":{"neve_meta_sidebar":"","neve_meta_container":"","neve_meta_enable_content_width":"","neve_meta_content_width":0,"neve_meta_title_alignment":"","neve_meta_author_avatar":"","neve_post_elements_order":"","neve_meta_disable_header":"","neve_meta_disable_footer":"","neve_meta_disable_title":""},"product_brand":[],"product_cat":[1805],"product_tag":[2746],"class_list":{"0":"post-106527","1":"product","2":"type-product","3":"status-publish","4":"has-post-thumbnail","6":"product_cat-colunas-microfones-webcam","7":"product_tag-colunasmicroswebcam","9":"first","10":"outofstock","11":"taxable","12":"shipping-taxable","13":"purchasable","14":"product-type-simple"},"_links":{"self":[{"href":"https:\/\/ifoffice.pt\/index.php?rest_route=\/wp\/v2\/product\/106527","targetHints":{"allow":["GET"]}}],"collection":[{"href":"https:\/\/ifoffice.pt\/index.php?rest_route=\/wp\/v2\/product"}],"about":[{"href":"https:\/\/ifoffice.pt\/index.php?rest_route=\/wp\/v2\/types\/product"}],"replies":[{"embeddable":true,"href":"https:\/\/ifoffice.pt\/index.php?rest_route=%2Fwp%2Fv2%2Fcomments&post=106527"}],"wp:featuredmedia":[{"embeddable":true,"href":"https:\/\/ifoffice.pt\/index.php?rest_route=\/wp\/v2\/media\/133040"}],"wp:attachment":[{"href":"https:\/\/ifoffice.pt\/index.php?rest_route=%2Fwp%2Fv2%2Fmedia&parent=106527"}],"wp:term":[{"taxonomy":"product_brand","embeddable":true,"href":"https:\/\/ifoffice.pt\/index.php?rest_route=%2Fwp%2Fv2%2Fproduct_brand&post=106527"},{"taxonomy":"product_cat","embeddable":true,"href":"https:\/\/ifoffice.pt\/index.php?rest_route=%2Fwp%2Fv2%2Fproduct_cat&post=106527"},{"taxonomy":"product_tag","embeddable":true,"href":"https:\/\/ifoffice.pt\/index.php?rest_route=%2Fwp%2Fv2%2Fproduct_tag&post=106527"}],"curies":[{"name":"wp","href":"https:\/\/api.w.org\/{rel}","templated":true}]}}