{"id":106523,"date":"2023-03-06T16:32:04","date_gmt":"2023-03-06T16:32:04","guid":{"rendered":"https:\/\/ifoffice.pt\/?post_type=product&#038;p=106523"},"modified":"2024-10-15T21:08:46","modified_gmt":"2024-10-15T21:08:46","slug":"166630","status":"publish","type":"product","link":"https:\/\/ifoffice.pt\/?product=166630","title":{"rendered":"Pen drive usb tech one tech ecotech biodegradavel 32 gb usb 2.0"},"content":{"rendered":"<p>Pen drive USB profissional. Biodegrad\u00e1vel. Fabricada com palha de trigo, exceto partes eletr\u00f3nicas. Interface USB 2.0. Compat\u00edvel com vers\u00f5es anteriores de USB. Garantia: 3 anos. Medidas do produto 17 x 60 x 10 mm. Peso 8 g. A Pen Drive.<\/p>\n","protected":false},"excerpt":{"rendered":"<p>Pen drive USB profissional. Biodegrad\u00e1vel. Fabricada com palha de trigo, exceto partes eletr\u00f3nicas. Interface USB 2.0. Compat\u00edvel com vers\u00f5es anteriores de USB. Garantia: 3 anos. Medidas do produto 17 x 60 x 10 mm. Peso 8 g. A Pen Drive.<\/p>\n","protected":false},"featured_media":112622,"comment_status":"open","ping_status":"closed","template":"","meta":{"neve_meta_sidebar":"","neve_meta_container":"","neve_meta_enable_content_width":"off","neve_meta_content_width":100,"neve_meta_title_alignment":"","neve_meta_author_avatar":"","neve_post_elements_order":"","neve_meta_disable_header":"","neve_meta_disable_footer":"","neve_meta_disable_title":""},"product_brand":[],"product_cat":[2831],"product_tag":[928,3015,3016],"class_list":{"0":"post-106523","1":"product","2":"type-product","3":"status-publish","4":"has-post-thumbnail","6":"product_cat-memorias-usbsddiscos-duros","7":"product_tag-discos-duros","8":"product_tag-memarias-usb","9":"product_tag-sd","11":"first","12":"instock","13":"taxable","14":"shipping-taxable","15":"purchasable","16":"product-type-variable","17":"has-default-attributes"},"_links":{"self":[{"href":"https:\/\/ifoffice.pt\/index.php?rest_route=\/wp\/v2\/product\/106523","targetHints":{"allow":["GET"]}}],"collection":[{"href":"https:\/\/ifoffice.pt\/index.php?rest_route=\/wp\/v2\/product"}],"about":[{"href":"https:\/\/ifoffice.pt\/index.php?rest_route=\/wp\/v2\/types\/product"}],"replies":[{"embeddable":true,"href":"https:\/\/ifoffice.pt\/index.php?rest_route=%2Fwp%2Fv2%2Fcomments&post=106523"}],"wp:featuredmedia":[{"embeddable":true,"href":"https:\/\/ifoffice.pt\/index.php?rest_route=\/wp\/v2\/media\/112622"}],"wp:attachment":[{"href":"https:\/\/ifoffice.pt\/index.php?rest_route=%2Fwp%2Fv2%2Fmedia&parent=106523"}],"wp:term":[{"taxonomy":"product_brand","embeddable":true,"href":"https:\/\/ifoffice.pt\/index.php?rest_route=%2Fwp%2Fv2%2Fproduct_brand&post=106523"},{"taxonomy":"product_cat","embeddable":true,"href":"https:\/\/ifoffice.pt\/index.php?rest_route=%2Fwp%2Fv2%2Fproduct_cat&post=106523"},{"taxonomy":"product_tag","embeddable":true,"href":"https:\/\/ifoffice.pt\/index.php?rest_route=%2Fwp%2Fv2%2Fproduct_tag&post=106523"}],"curies":[{"name":"wp","href":"https:\/\/api.w.org\/{rel}","templated":true}]}}