{"id":106110,"date":"2022-10-22T13:24:18","date_gmt":"2022-10-22T13:24:18","guid":{"rendered":"https:\/\/ifoffice.pt\/?post_type=product&#038;p=106110"},"modified":"2026-02-23T13:03:17","modified_gmt":"2026-02-23T13:03:17","slug":"destruidora-de-documentos-fellowes-lx-65","status":"publish","type":"product","link":"https:\/\/ifoffice.pt\/?product=destruidora-de-documentos-fellowes-lx-65","title":{"rendered":"Destruidora de documentos fellowes lx-65 capacidadee de corte 10 f seguranca p4 destroi agrafes e cartoes de credito ces"},"content":{"rendered":"<p>Destr\u00f3i 10 folhas em part\u00edculas de 4 x 40 mm. N\u00edvel de seguran\u00e7a P-4. Tecnologia 100% antiencravamento. Destr\u00f3i agrafes, clips, cart\u00f5es de cr\u00e9dito. Ciclo de trabalho de 6 minutos. Cesto de 23 litros de capacidade. Medidas:  408 x 233 x 371 mm. A destruidora.<\/p>\n","protected":false},"excerpt":{"rendered":"<p>Destruidora de documentos fellowes lx-65 capacidadee de corte 10 f seguranca p4 destroi agrafes e cartoes de credito ces<\/p>\n","protected":false},"featured_media":115771,"comment_status":"closed","ping_status":"closed","template":"","meta":{"neve_meta_sidebar":"","neve_meta_container":"","neve_meta_enable_content_width":"off","neve_meta_content_width":70,"neve_meta_title_alignment":"","neve_meta_author_avatar":"","neve_post_elements_order":"","neve_meta_disable_header":"","neve_meta_disable_footer":"","neve_meta_disable_title":""},"product_brand":[],"product_cat":[1829],"product_tag":[2677,1069],"class_list":{"0":"post-106110","1":"product","2":"type-product","3":"status-publish","4":"has-post-thumbnail","6":"product_cat-destruidoras","7":"product_tag-campanha-fellowes","8":"product_tag-destruidora","10":"first","11":"instock","12":"taxable","13":"shipping-taxable","14":"purchasable","15":"product-type-simple"},"_links":{"self":[{"href":"https:\/\/ifoffice.pt\/index.php?rest_route=\/wp\/v2\/product\/106110","targetHints":{"allow":["GET"]}}],"collection":[{"href":"https:\/\/ifoffice.pt\/index.php?rest_route=\/wp\/v2\/product"}],"about":[{"href":"https:\/\/ifoffice.pt\/index.php?rest_route=\/wp\/v2\/types\/product"}],"replies":[{"embeddable":true,"href":"https:\/\/ifoffice.pt\/index.php?rest_route=%2Fwp%2Fv2%2Fcomments&post=106110"}],"wp:featuredmedia":[{"embeddable":true,"href":"https:\/\/ifoffice.pt\/index.php?rest_route=\/wp\/v2\/media\/115771"}],"wp:attachment":[{"href":"https:\/\/ifoffice.pt\/index.php?rest_route=%2Fwp%2Fv2%2Fmedia&parent=106110"}],"wp:term":[{"taxonomy":"product_brand","embeddable":true,"href":"https:\/\/ifoffice.pt\/index.php?rest_route=%2Fwp%2Fv2%2Fproduct_brand&post=106110"},{"taxonomy":"product_cat","embeddable":true,"href":"https:\/\/ifoffice.pt\/index.php?rest_route=%2Fwp%2Fv2%2Fproduct_cat&post=106110"},{"taxonomy":"product_tag","embeddable":true,"href":"https:\/\/ifoffice.pt\/index.php?rest_route=%2Fwp%2Fv2%2Fproduct_tag&post=106110"}],"curies":[{"name":"wp","href":"https:\/\/api.w.org\/{rel}","templated":true}]}}