{"id":105987,"date":"2022-04-11T08:33:12","date_gmt":"2022-04-11T08:33:12","guid":{"rendered":"https:\/\/ifoffice.pt\/?post_type=product&#038;p=105987"},"modified":"2026-02-23T12:56:39","modified_gmt":"2026-02-23T12:56:39","slug":"ponteiro-laser-q-connect-5-botoes-micro-usb","status":"publish","type":"product","link":"https:\/\/ifoffice.pt\/?product=ponteiro-laser-q-connect-5-botoes-micro-usb","title":{"rendered":"Ponteiro laser q-connect para apresentacoes 5 botoes alcance 20 mt micro usb"},"content":{"rendered":"<p>Ponteiro laser sem fios com 5 bot\u00f5es para controlar as apresenta\u00e7\u00f5es. Com micro recetor USB. Funciona a uma dist\u00e2ncia m\u00e1xima de  20 metros.  5 fun\u00e7\u00f5es: ponteiro laser virtual, avan\u00e7ar\/retroceder os diapositivos, ecr\u00e3 grande, ecr\u00e3 preto. Garantia de 2 anos. Utiliza 2 pilhas AAA (n\u00e3o inclu\u00eddas). Medidas: 110 x 38 x 28 mm.<\/p>\n","protected":false},"excerpt":{"rendered":"<p>Ponteiro laser q-connect para apresentacoes 5 botoes alcance 20 mt micro usb<\/p>\n","protected":false},"featured_media":113517,"comment_status":"closed","ping_status":"closed","template":"","meta":{"neve_meta_sidebar":"","neve_meta_container":"","neve_meta_enable_content_width":"off","neve_meta_content_width":70,"neve_meta_title_alignment":"","neve_meta_author_avatar":"","neve_post_elements_order":"","neve_meta_disable_header":"","neve_meta_disable_footer":"","neve_meta_disable_title":""},"product_brand":[],"product_cat":[1908],"product_tag":[1275],"class_list":{"0":"post-105987","1":"product","2":"type-product","3":"status-publish","4":"has-post-thumbnail","6":"product_cat-acessorios-para-quadros","7":"product_tag-ponteiro","9":"first","10":"instock","11":"sale","12":"taxable","13":"shipping-taxable","14":"purchasable","15":"product-type-simple"},"_links":{"self":[{"href":"https:\/\/ifoffice.pt\/index.php?rest_route=\/wp\/v2\/product\/105987","targetHints":{"allow":["GET"]}}],"collection":[{"href":"https:\/\/ifoffice.pt\/index.php?rest_route=\/wp\/v2\/product"}],"about":[{"href":"https:\/\/ifoffice.pt\/index.php?rest_route=\/wp\/v2\/types\/product"}],"replies":[{"embeddable":true,"href":"https:\/\/ifoffice.pt\/index.php?rest_route=%2Fwp%2Fv2%2Fcomments&post=105987"}],"wp:featuredmedia":[{"embeddable":true,"href":"https:\/\/ifoffice.pt\/index.php?rest_route=\/wp\/v2\/media\/113517"}],"wp:attachment":[{"href":"https:\/\/ifoffice.pt\/index.php?rest_route=%2Fwp%2Fv2%2Fmedia&parent=105987"}],"wp:term":[{"taxonomy":"product_brand","embeddable":true,"href":"https:\/\/ifoffice.pt\/index.php?rest_route=%2Fwp%2Fv2%2Fproduct_brand&post=105987"},{"taxonomy":"product_cat","embeddable":true,"href":"https:\/\/ifoffice.pt\/index.php?rest_route=%2Fwp%2Fv2%2Fproduct_cat&post=105987"},{"taxonomy":"product_tag","embeddable":true,"href":"https:\/\/ifoffice.pt\/index.php?rest_route=%2Fwp%2Fv2%2Fproduct_tag&post=105987"}],"curies":[{"name":"wp","href":"https:\/\/api.w.org\/{rel}","templated":true}]}}