{"id":105499,"date":"2021-08-26T10:26:05","date_gmt":"2021-08-26T10:26:05","guid":{"rendered":"https:\/\/ifoffice.pt\/?post_type=product&#038;p=105499"},"modified":"2025-03-12T12:10:19","modified_gmt":"2025-03-12T12:10:19","slug":"fato-protetor-ansell-alphatec-2000-standard-tamanho-l","status":"publish","type":"product","link":"https:\/\/ifoffice.pt\/?product=fato-protetor-ansell-alphatec-2000-standard-tamanho-l","title":{"rendered":"Fato protetor Ansell Alphatec 2000 standard. Tamanho L"},"content":{"rendered":"<p>Prote\u00e7\u00e3o superior contra vaporiza\u00e7\u00f5es de l\u00edquidos e part\u00edculas finas de baixo risco com costuras revestidas para prote\u00e7\u00e3o geral melhorada. Macac\u00e3o, capuz de tr\u00eas pe\u00e7as, fecho de correr frontal de duas vias com aba autoadesiva contra intemp\u00e9ries, presilhas para os dedos. Capuz, cintura, pulsos e tornozelos el\u00e1sticos.<\/p>\n","protected":false},"excerpt":{"rendered":"<p>Fato de Prote\u00e7\u00e3o alphatec 2000 tam. L<\/p>\n","protected":false},"featured_media":105500,"comment_status":"closed","ping_status":"closed","template":"","meta":{"neve_meta_sidebar":"","neve_meta_container":"","neve_meta_enable_content_width":"off","neve_meta_content_width":70,"neve_meta_title_alignment":"","neve_meta_author_avatar":"","neve_post_elements_order":"","neve_meta_disable_header":"","neve_meta_disable_footer":"","neve_meta_disable_title":""},"product_brand":[],"product_cat":[1791],"product_tag":[1012,2161],"class_list":{"0":"post-105499","1":"product","2":"type-product","3":"status-publish","4":"has-post-thumbnail","6":"product_cat-prevencao","7":"product_tag-covid","8":"product_tag-fatos-protetores","10":"first","11":"outofstock","12":"taxable","13":"shipping-taxable","14":"purchasable","15":"product-type-simple"},"_links":{"self":[{"href":"https:\/\/ifoffice.pt\/index.php?rest_route=\/wp\/v2\/product\/105499","targetHints":{"allow":["GET"]}}],"collection":[{"href":"https:\/\/ifoffice.pt\/index.php?rest_route=\/wp\/v2\/product"}],"about":[{"href":"https:\/\/ifoffice.pt\/index.php?rest_route=\/wp\/v2\/types\/product"}],"replies":[{"embeddable":true,"href":"https:\/\/ifoffice.pt\/index.php?rest_route=%2Fwp%2Fv2%2Fcomments&post=105499"}],"wp:featuredmedia":[{"embeddable":true,"href":"https:\/\/ifoffice.pt\/index.php?rest_route=\/wp\/v2\/media\/105500"}],"wp:attachment":[{"href":"https:\/\/ifoffice.pt\/index.php?rest_route=%2Fwp%2Fv2%2Fmedia&parent=105499"}],"wp:term":[{"taxonomy":"product_brand","embeddable":true,"href":"https:\/\/ifoffice.pt\/index.php?rest_route=%2Fwp%2Fv2%2Fproduct_brand&post=105499"},{"taxonomy":"product_cat","embeddable":true,"href":"https:\/\/ifoffice.pt\/index.php?rest_route=%2Fwp%2Fv2%2Fproduct_cat&post=105499"},{"taxonomy":"product_tag","embeddable":true,"href":"https:\/\/ifoffice.pt\/index.php?rest_route=%2Fwp%2Fv2%2Fproduct_tag&post=105499"}],"curies":[{"name":"wp","href":"https:\/\/api.w.org\/{rel}","templated":true}]}}