{"id":105462,"date":"2021-08-18T14:57:55","date_gmt":"2021-08-18T14:57:55","guid":{"rendered":"https:\/\/ifoffice.pt\/?post_type=product&#038;p=105462"},"modified":"2025-03-12T12:10:19","modified_gmt":"2025-03-12T12:10:19","slug":"luvas-de-seguranca-ecocat-tamanho-11","status":"publish","type":"product","link":"https:\/\/ifoffice.pt\/?product=luvas-de-seguranca-ecocat-tamanho-11","title":{"rendered":"Luvas de seguran\u00e7a Ecocat. Tamanho 11"},"content":{"rendered":"<p>Luva sem costura confecionada em PFG (Poliamida \/ Poli\u00e9ster \/ Fibra de Vidro) com revestimento de PU (poliuretano) na palma da m\u00e3o. M\u00e1xima resist\u00eancia \u00e0 abras\u00e3o e ao rasgo. Elevado n\u00edvel de resist\u00eancia ao corte. Design ergon\u00f4mico e grande desteridade. Excelente ader\u00eancia em piso molhado e seco.<\/p>\n<p>Usos Recomendados: Trabalho a seco e h\u00famido com risco de corte. Engarrafamento e embalagem.<\/p>\n","protected":false},"excerpt":{"rendered":"<p>Luvas de trabalho ecocat tamanho 11<\/p>\n","protected":false},"featured_media":105463,"comment_status":"closed","ping_status":"closed","template":"","meta":{"neve_meta_sidebar":"","neve_meta_container":"","neve_meta_enable_content_width":"off","neve_meta_content_width":70,"neve_meta_title_alignment":"","neve_meta_author_avatar":"","neve_post_elements_order":"","neve_meta_disable_header":"","neve_meta_disable_footer":"","neve_meta_disable_title":""},"product_brand":[],"product_cat":[1791],"product_tag":[2671],"class_list":{"0":"post-105462","1":"product","2":"type-product","3":"status-publish","4":"has-post-thumbnail","6":"product_cat-prevencao","7":"product_tag-luvas-seguranca","9":"first","10":"outofstock","11":"taxable","12":"shipping-taxable","13":"purchasable","14":"product-type-simple"},"_links":{"self":[{"href":"https:\/\/ifoffice.pt\/index.php?rest_route=\/wp\/v2\/product\/105462","targetHints":{"allow":["GET"]}}],"collection":[{"href":"https:\/\/ifoffice.pt\/index.php?rest_route=\/wp\/v2\/product"}],"about":[{"href":"https:\/\/ifoffice.pt\/index.php?rest_route=\/wp\/v2\/types\/product"}],"replies":[{"embeddable":true,"href":"https:\/\/ifoffice.pt\/index.php?rest_route=%2Fwp%2Fv2%2Fcomments&post=105462"}],"wp:featuredmedia":[{"embeddable":true,"href":"https:\/\/ifoffice.pt\/index.php?rest_route=\/wp\/v2\/media\/105463"}],"wp:attachment":[{"href":"https:\/\/ifoffice.pt\/index.php?rest_route=%2Fwp%2Fv2%2Fmedia&parent=105462"}],"wp:term":[{"taxonomy":"product_brand","embeddable":true,"href":"https:\/\/ifoffice.pt\/index.php?rest_route=%2Fwp%2Fv2%2Fproduct_brand&post=105462"},{"taxonomy":"product_cat","embeddable":true,"href":"https:\/\/ifoffice.pt\/index.php?rest_route=%2Fwp%2Fv2%2Fproduct_cat&post=105462"},{"taxonomy":"product_tag","embeddable":true,"href":"https:\/\/ifoffice.pt\/index.php?rest_route=%2Fwp%2Fv2%2Fproduct_tag&post=105462"}],"curies":[{"name":"wp","href":"https:\/\/api.w.org\/{rel}","templated":true}]}}