{"id":105442,"date":"2021-08-18T13:49:11","date_gmt":"2021-08-18T13:49:11","guid":{"rendered":"https:\/\/ifoffice.pt\/?post_type=product&#038;p=105442"},"modified":"2025-03-12T12:10:17","modified_gmt":"2025-03-12T12:10:17","slug":"luvas-de-seguranca-superflex-f-tamanho-10","status":"publish","type":"product","link":"https:\/\/ifoffice.pt\/?product=luvas-de-seguranca-superflex-f-tamanho-10","title":{"rendered":"Luvas de seguran\u00e7a Superflex F. Tamanho 10"},"content":{"rendered":"<p>Luva de tecnologia especial com suporte de Nylon sem costura. Totalmente coberta nas costas para melhor prote\u00e7\u00e3o. Excelente desteridade, sensibilidade e ader\u00eancia. Design especial para o m\u00e1ximo ajuste \u00e0 m\u00e3o. Excelente resist\u00eancia \u00e0 abras\u00e3o e bom comportamento \u00e0 abras\u00e3o e ao rasgo.<\/p>\n<p>Usos recomendados: Onde um alto n\u00edvel de sensibilidade e desteridade \u00e9 necess\u00e1rio sem o risco de corte. Manuseio de pequenas pe\u00e7as e componentes, montagem geral, usinagem, microengenharia, instrumenta\u00e7\u00e3o e elementos de precis\u00e3o. Horticultura e manuten\u00e7\u00e3o. Uso espec\u00edfico na ind\u00fastria automotiva.<\/p>\n","protected":false},"excerpt":{"rendered":"<p>Luvas de trabalho superflex f tamanho 10<\/p>\n","protected":false},"featured_media":105443,"comment_status":"closed","ping_status":"closed","template":"","meta":{"neve_meta_sidebar":"","neve_meta_container":"","neve_meta_enable_content_width":"off","neve_meta_content_width":70,"neve_meta_title_alignment":"","neve_meta_author_avatar":"","neve_post_elements_order":"","neve_meta_disable_header":"","neve_meta_disable_footer":"","neve_meta_disable_title":""},"product_brand":[],"product_cat":[1791],"product_tag":[2671],"class_list":{"0":"post-105442","1":"product","2":"type-product","3":"status-publish","4":"has-post-thumbnail","6":"product_cat-prevencao","7":"product_tag-luvas-seguranca","9":"first","10":"outofstock","11":"taxable","12":"shipping-taxable","13":"purchasable","14":"product-type-simple"},"_links":{"self":[{"href":"https:\/\/ifoffice.pt\/index.php?rest_route=\/wp\/v2\/product\/105442","targetHints":{"allow":["GET"]}}],"collection":[{"href":"https:\/\/ifoffice.pt\/index.php?rest_route=\/wp\/v2\/product"}],"about":[{"href":"https:\/\/ifoffice.pt\/index.php?rest_route=\/wp\/v2\/types\/product"}],"replies":[{"embeddable":true,"href":"https:\/\/ifoffice.pt\/index.php?rest_route=%2Fwp%2Fv2%2Fcomments&post=105442"}],"wp:featuredmedia":[{"embeddable":true,"href":"https:\/\/ifoffice.pt\/index.php?rest_route=\/wp\/v2\/media\/105443"}],"wp:attachment":[{"href":"https:\/\/ifoffice.pt\/index.php?rest_route=%2Fwp%2Fv2%2Fmedia&parent=105442"}],"wp:term":[{"taxonomy":"product_brand","embeddable":true,"href":"https:\/\/ifoffice.pt\/index.php?rest_route=%2Fwp%2Fv2%2Fproduct_brand&post=105442"},{"taxonomy":"product_cat","embeddable":true,"href":"https:\/\/ifoffice.pt\/index.php?rest_route=%2Fwp%2Fv2%2Fproduct_cat&post=105442"},{"taxonomy":"product_tag","embeddable":true,"href":"https:\/\/ifoffice.pt\/index.php?rest_route=%2Fwp%2Fv2%2Fproduct_tag&post=105442"}],"curies":[{"name":"wp","href":"https:\/\/api.w.org\/{rel}","templated":true}]}}