{"id":105374,"date":"2021-08-18T09:06:47","date_gmt":"2021-08-18T09:06:47","guid":{"rendered":"https:\/\/ifoffice.pt\/?post_type=product&#038;p=105374"},"modified":"2025-03-12T12:10:10","modified_gmt":"2025-03-12T12:10:10","slug":"luvas-de-seguranca-betterfit-comfort-tamanho-10","status":"publish","type":"product","link":"https:\/\/ifoffice.pt\/?product=luvas-de-seguranca-betterfit-comfort-tamanho-10","title":{"rendered":"Luvas de seguran\u00e7a Betterfit Comfort. Tamanho 10"},"content":{"rendered":"<p>Projetado para situa\u00e7\u00f5es onde s\u00e3o necess\u00e1rios o m\u00e1ximo de destreza e conforto. Reduz a fadiga mec\u00e2nica das m\u00e3os ao trabalhar com movimentos repetitivos gra\u00e7as a um suporte de N\u00e1ilon e Algod\u00e3o de calibre 15 ultraleve e cont\u00ednuo e ao seu revestimento especial de Espuma de Nitrila na palma e nas unhas. Sanitized\u00ae Actifresh\u00ae tratamento que previne irrita\u00e7\u00f5es cut\u00e2neas, contra os maus odores e a elimina\u00e7\u00e3o das bact\u00e9rias produzidas pelo suor.<\/p>\n<p>Trabalhar sem risco de corte no manuseio de pe\u00e7as pequenas, automotivas, mec\u00e2nicas, micromec\u00e2nicas, montagem, papel\u00e3o, agricultura, carga e descarga, jardinagem, log\u00edstica, manuten\u00e7\u00e3o e uso geral.<\/p>\n","protected":false},"excerpt":{"rendered":"<p>Luvas de trabalho betterfit comfort tamanho 10<\/p>\n","protected":false},"featured_media":105375,"comment_status":"closed","ping_status":"closed","template":"","meta":{"neve_meta_sidebar":"","neve_meta_container":"","neve_meta_enable_content_width":"off","neve_meta_content_width":70,"neve_meta_title_alignment":"","neve_meta_author_avatar":"","neve_post_elements_order":"","neve_meta_disable_header":"","neve_meta_disable_footer":"","neve_meta_disable_title":""},"product_brand":[],"product_cat":[1791],"product_tag":[2671],"class_list":{"0":"post-105374","1":"product","2":"type-product","3":"status-publish","4":"has-post-thumbnail","6":"product_cat-prevencao","7":"product_tag-luvas-seguranca","9":"first","10":"outofstock","11":"taxable","12":"shipping-taxable","13":"purchasable","14":"product-type-simple"},"_links":{"self":[{"href":"https:\/\/ifoffice.pt\/index.php?rest_route=\/wp\/v2\/product\/105374","targetHints":{"allow":["GET"]}}],"collection":[{"href":"https:\/\/ifoffice.pt\/index.php?rest_route=\/wp\/v2\/product"}],"about":[{"href":"https:\/\/ifoffice.pt\/index.php?rest_route=\/wp\/v2\/types\/product"}],"replies":[{"embeddable":true,"href":"https:\/\/ifoffice.pt\/index.php?rest_route=%2Fwp%2Fv2%2Fcomments&post=105374"}],"wp:featuredmedia":[{"embeddable":true,"href":"https:\/\/ifoffice.pt\/index.php?rest_route=\/wp\/v2\/media\/105375"}],"wp:attachment":[{"href":"https:\/\/ifoffice.pt\/index.php?rest_route=%2Fwp%2Fv2%2Fmedia&parent=105374"}],"wp:term":[{"taxonomy":"product_brand","embeddable":true,"href":"https:\/\/ifoffice.pt\/index.php?rest_route=%2Fwp%2Fv2%2Fproduct_brand&post=105374"},{"taxonomy":"product_cat","embeddable":true,"href":"https:\/\/ifoffice.pt\/index.php?rest_route=%2Fwp%2Fv2%2Fproduct_cat&post=105374"},{"taxonomy":"product_tag","embeddable":true,"href":"https:\/\/ifoffice.pt\/index.php?rest_route=%2Fwp%2Fv2%2Fproduct_tag&post=105374"}],"curies":[{"name":"wp","href":"https:\/\/api.w.org\/{rel}","templated":true}]}}