{"id":105232,"date":"2021-07-16T16:47:55","date_gmt":"2021-07-16T16:47:55","guid":{"rendered":"https:\/\/ifoffice.pt\/?post_type=product&#038;p=105232"},"modified":"2025-03-12T12:10:03","modified_gmt":"2025-03-12T12:10:03","slug":"difusor-vijusa-magic-air","status":"publish","type":"product","link":"https:\/\/ifoffice.pt\/?product=difusor-vijusa-magic-air","title":{"rendered":"Difusor Vijusa Magic Air"},"content":{"rendered":"<p>Equipamento difusor que ap\u00f3s a sua programa\u00e7\u00e3o pulveriza, de forma micronizada, uma ess\u00eancia altamente concentrada que permitir\u00e1 a todo o momento manter um aroma est\u00e1vel e agrad\u00e1vel nas suas instala\u00e7\u00f5es. Capacidade de trabalho 100 a 600 m3 de acordo com a frequ\u00eancia.<\/p>\n","protected":false},"excerpt":{"rendered":"<p>Difusor Vijusa Magic Air<\/p>\n","protected":false},"featured_media":105241,"comment_status":"closed","ping_status":"closed","template":"","meta":{"neve_meta_sidebar":"","neve_meta_container":"","neve_meta_enable_content_width":"off","neve_meta_content_width":0,"neve_meta_title_alignment":"","neve_meta_author_avatar":"","neve_post_elements_order":"","neve_meta_disable_header":"","neve_meta_disable_footer":"","neve_meta_disable_title":""},"product_brand":[],"product_cat":[1792],"product_tag":[1270,2667],"class_list":{"0":"post-105232","1":"product","2":"type-product","3":"status-publish","4":"has-post-thumbnail","6":"product_cat-produtos-de-limpeza","7":"product_tag-ambientador-electrico","8":"product_tag-magic-air","10":"first","11":"outofstock","12":"taxable","13":"shipping-taxable","14":"purchasable","15":"product-type-simple"},"_links":{"self":[{"href":"https:\/\/ifoffice.pt\/index.php?rest_route=\/wp\/v2\/product\/105232","targetHints":{"allow":["GET"]}}],"collection":[{"href":"https:\/\/ifoffice.pt\/index.php?rest_route=\/wp\/v2\/product"}],"about":[{"href":"https:\/\/ifoffice.pt\/index.php?rest_route=\/wp\/v2\/types\/product"}],"replies":[{"embeddable":true,"href":"https:\/\/ifoffice.pt\/index.php?rest_route=%2Fwp%2Fv2%2Fcomments&post=105232"}],"wp:featuredmedia":[{"embeddable":true,"href":"https:\/\/ifoffice.pt\/index.php?rest_route=\/wp\/v2\/media\/105241"}],"wp:attachment":[{"href":"https:\/\/ifoffice.pt\/index.php?rest_route=%2Fwp%2Fv2%2Fmedia&parent=105232"}],"wp:term":[{"taxonomy":"product_brand","embeddable":true,"href":"https:\/\/ifoffice.pt\/index.php?rest_route=%2Fwp%2Fv2%2Fproduct_brand&post=105232"},{"taxonomy":"product_cat","embeddable":true,"href":"https:\/\/ifoffice.pt\/index.php?rest_route=%2Fwp%2Fv2%2Fproduct_cat&post=105232"},{"taxonomy":"product_tag","embeddable":true,"href":"https:\/\/ifoffice.pt\/index.php?rest_route=%2Fwp%2Fv2%2Fproduct_tag&post=105232"}],"curies":[{"name":"wp","href":"https:\/\/api.w.org\/{rel}","templated":true}]}}