{"id":105149,"date":"2021-07-01T08:45:08","date_gmt":"2021-07-01T08:45:08","guid":{"rendered":"https:\/\/ifoffice.pt\/?post_type=product&#038;p=105149"},"modified":"2026-02-23T12:58:14","modified_gmt":"2026-02-23T12:58:14","slug":"colunas-trust-gemi-2-0","status":"publish","type":"product","link":"https:\/\/ifoffice.pt\/?product=colunas-trust-gemi-2-0","title":{"rendered":"Colunas trust gemi 2.0 potencia max 12w iluminacao led controlo de volume e conexao auriculares usb cor preto"},"content":{"rendered":"<p>Conjunto de colunas compacto e elegante para complementar os equipamentos dom\u00e9sticos ou de escrit\u00f3rio. Com uma pot\u00eancia m\u00e1xima de 12 W (6 W RMS). Garantem um som claro e ocupam pouco espa\u00e7o no escrit\u00f3rio. Funcionam com qualquer PC ou port\u00e1til e alimentam-se por USB, o que significa que as colunas instalam-se muito facilmente. N\u00e3o \u00e9 necess\u00e1rio dispor de uma tomada de parede. Uma vez conectadas, as colunas iluminam-se com um ciclo de cor RGB automatizado. As colunas pode-se ligar ou desligar, assim como ajustar o volume com o bot\u00e3o integrado na parte frontal. Medidas: 85 x 132 x 95 mm. Peso: 401 g.<\/p>\n","protected":false},"excerpt":{"rendered":"<p>Colunas trust gemi 2.0 potencia max 12w iluminacao led controlo de volume e conexao auriculares usb cor preto<\/p>\n","protected":false},"featured_media":114156,"comment_status":"closed","ping_status":"closed","template":"","meta":{"neve_meta_sidebar":"","neve_meta_container":"","neve_meta_enable_content_width":"off","neve_meta_content_width":0,"neve_meta_title_alignment":"","neve_meta_author_avatar":"","neve_post_elements_order":"","neve_meta_disable_header":"","neve_meta_disable_footer":"","neve_meta_disable_title":""},"product_brand":[],"product_cat":[1805],"product_tag":[1199],"class_list":{"0":"post-105149","1":"product","2":"type-product","3":"status-publish","4":"has-post-thumbnail","6":"product_cat-colunas-microfones-webcam","7":"product_tag-colunas","9":"first","10":"outofstock","11":"taxable","12":"shipping-taxable","13":"purchasable","14":"product-type-simple"},"_links":{"self":[{"href":"https:\/\/ifoffice.pt\/index.php?rest_route=\/wp\/v2\/product\/105149","targetHints":{"allow":["GET"]}}],"collection":[{"href":"https:\/\/ifoffice.pt\/index.php?rest_route=\/wp\/v2\/product"}],"about":[{"href":"https:\/\/ifoffice.pt\/index.php?rest_route=\/wp\/v2\/types\/product"}],"replies":[{"embeddable":true,"href":"https:\/\/ifoffice.pt\/index.php?rest_route=%2Fwp%2Fv2%2Fcomments&post=105149"}],"wp:featuredmedia":[{"embeddable":true,"href":"https:\/\/ifoffice.pt\/index.php?rest_route=\/wp\/v2\/media\/114156"}],"wp:attachment":[{"href":"https:\/\/ifoffice.pt\/index.php?rest_route=%2Fwp%2Fv2%2Fmedia&parent=105149"}],"wp:term":[{"taxonomy":"product_brand","embeddable":true,"href":"https:\/\/ifoffice.pt\/index.php?rest_route=%2Fwp%2Fv2%2Fproduct_brand&post=105149"},{"taxonomy":"product_cat","embeddable":true,"href":"https:\/\/ifoffice.pt\/index.php?rest_route=%2Fwp%2Fv2%2Fproduct_cat&post=105149"},{"taxonomy":"product_tag","embeddable":true,"href":"https:\/\/ifoffice.pt\/index.php?rest_route=%2Fwp%2Fv2%2Fproduct_tag&post=105149"}],"curies":[{"name":"wp","href":"https:\/\/api.w.org\/{rel}","templated":true}]}}

<p>Conjunto de colunas compacto e elegante para complementar os equipamentos domésticos ou de escritório. Com uma potência máxima de 12 W (6 W RMS). Garantem um som claro e ocupam pouco espaço no escritório. Funcionam com qualquer PC ou portátil e alimentam-se por USB, o que significa que as colunas instalam-se muito facilmente. Não é necessário dispor de uma tomada de parede. Uma vez conectadas, as colunas iluminam-se com um ciclo de cor RGB automatizado. As colunas pode-se ligar ou desligar, assim como ajustar o volume com o botão integrado na parte frontal. Medidas: 85 x 132 x 95 mm. Peso: 401 g.</p>
