{"id":105023,"date":"2021-05-10T13:54:16","date_gmt":"2021-05-10T13:54:16","guid":{"rendered":"https:\/\/ifoffice.pt\/?post_type=product&#038;p=105023"},"modified":"2025-03-12T12:09:51","modified_gmt":"2025-03-12T12:09:51","slug":"destruidora-de-documentos-rexel-secure-mc6","status":"publish","type":"product","link":"https:\/\/ifoffice.pt\/?product=destruidora-de-documentos-rexel-secure-mc6","title":{"rendered":"Destruidora de documentos rexel secure mc6 eu capacidadee 6 folhas agrafes clips cart es e cd 18 l"},"content":{"rendered":"<p>Destr\u00f3i at\u00e9 6 folhas de cada vez. Micro corte (2 x 15 mm). N\u00edvel de Seguran\u00e7a P5. Motor silencioso e controles de toque. Caixa de 18 litros de capacidade. Medidas: 395 x 220 x 338 mm. A destruidora.<\/p>\n","protected":false},"excerpt":{"rendered":"<p>Destruidora de documentos rexel secure mc6 eu capacidadee 6 folhas agrafes clips cart es e cd 18 l<\/p>\n","protected":false},"featured_media":115473,"comment_status":"closed","ping_status":"closed","template":"","meta":{"neve_meta_sidebar":"","neve_meta_container":"","neve_meta_enable_content_width":"off","neve_meta_content_width":0,"neve_meta_title_alignment":"","neve_meta_author_avatar":"","neve_post_elements_order":"","neve_meta_disable_header":"","neve_meta_disable_footer":"","neve_meta_disable_title":""},"product_brand":[],"product_cat":[1829],"product_tag":[1069],"class_list":{"0":"post-105023","1":"product","2":"type-product","3":"status-publish","4":"has-post-thumbnail","6":"product_cat-destruidoras","7":"product_tag-destruidora","9":"first","10":"outofstock","11":"taxable","12":"shipping-taxable","13":"purchasable","14":"product-type-simple"},"_links":{"self":[{"href":"https:\/\/ifoffice.pt\/index.php?rest_route=\/wp\/v2\/product\/105023","targetHints":{"allow":["GET"]}}],"collection":[{"href":"https:\/\/ifoffice.pt\/index.php?rest_route=\/wp\/v2\/product"}],"about":[{"href":"https:\/\/ifoffice.pt\/index.php?rest_route=\/wp\/v2\/types\/product"}],"replies":[{"embeddable":true,"href":"https:\/\/ifoffice.pt\/index.php?rest_route=%2Fwp%2Fv2%2Fcomments&post=105023"}],"wp:featuredmedia":[{"embeddable":true,"href":"https:\/\/ifoffice.pt\/index.php?rest_route=\/wp\/v2\/media\/115473"}],"wp:attachment":[{"href":"https:\/\/ifoffice.pt\/index.php?rest_route=%2Fwp%2Fv2%2Fmedia&parent=105023"}],"wp:term":[{"taxonomy":"product_brand","embeddable":true,"href":"https:\/\/ifoffice.pt\/index.php?rest_route=%2Fwp%2Fv2%2Fproduct_brand&post=105023"},{"taxonomy":"product_cat","embeddable":true,"href":"https:\/\/ifoffice.pt\/index.php?rest_route=%2Fwp%2Fv2%2Fproduct_cat&post=105023"},{"taxonomy":"product_tag","embeddable":true,"href":"https:\/\/ifoffice.pt\/index.php?rest_route=%2Fwp%2Fv2%2Fproduct_tag&post=105023"}],"curies":[{"name":"wp","href":"https:\/\/api.w.org\/{rel}","templated":true}]}}