{"id":104990,"date":"2021-05-10T09:02:45","date_gmt":"2021-05-10T09:02:45","guid":{"rendered":"https:\/\/ifoffice.pt\/?post_type=product&#038;p=104990"},"modified":"2025-03-12T14:29:25","modified_gmt":"2025-03-12T14:29:25","slug":"destruidora-de-documentos-rexel-promax-qs-rsx1538","status":"publish","type":"product","link":"https:\/\/ifoffice.pt\/?product=destruidora-de-documentos-rexel-promax-qs-rsx1538","title":{"rendered":"Destruidora de documentos rexel promax qs rsx1538 capacidade 15 folhas particulas destroi agrafes clips e cartoes"},"content":{"rendered":"<p>Capacidade de corte: at\u00e9 15 folhas. Corte em part\u00edculas de 4 x 40 mm. Nivel P-4. Destr\u00f3i uma folha DIN A4 em mais de 400 part\u00edculas. Destr\u00f3i agrafes, clips e cart\u00f5es de cr\u00e9dito. Funcionamento ultrasilencioso cont\u00ednuo de 30 minutos. Luz LED de sobreaquecimento. Fun\u00e7\u00e3o de avan\u00e7o\/retrocesso manual e autom\u00e1tico. Cesto de 38 l com capacidade para 675 folhas DIN A4. Medidas: 396 x 660 x 335 mm. Peso: 14,86 kg.<\/p>\n","protected":false},"excerpt":{"rendered":"<p>Destruidora de documentos rexel promax qs rsx1538 capacidade 15 folhas part\u00edculas destr\u00f3i agrafes clips e cart\u00f5es.<\/p>\n","protected":false},"featured_media":114316,"comment_status":"closed","ping_status":"closed","template":"","meta":{"neve_meta_sidebar":"","neve_meta_container":"","neve_meta_enable_content_width":"off","neve_meta_content_width":0,"neve_meta_title_alignment":"","neve_meta_author_avatar":"","neve_post_elements_order":"","neve_meta_disable_header":"","neve_meta_disable_footer":"","neve_meta_disable_title":""},"product_brand":[],"product_cat":[1829],"product_tag":[1069],"class_list":{"0":"post-104990","1":"product","2":"type-product","3":"status-publish","4":"has-post-thumbnail","6":"product_cat-destruidoras","7":"product_tag-destruidora","9":"first","10":"outofstock","11":"taxable","12":"shipping-taxable","13":"purchasable","14":"product-type-simple"},"_links":{"self":[{"href":"https:\/\/ifoffice.pt\/index.php?rest_route=\/wp\/v2\/product\/104990","targetHints":{"allow":["GET"]}}],"collection":[{"href":"https:\/\/ifoffice.pt\/index.php?rest_route=\/wp\/v2\/product"}],"about":[{"href":"https:\/\/ifoffice.pt\/index.php?rest_route=\/wp\/v2\/types\/product"}],"replies":[{"embeddable":true,"href":"https:\/\/ifoffice.pt\/index.php?rest_route=%2Fwp%2Fv2%2Fcomments&post=104990"}],"wp:featuredmedia":[{"embeddable":true,"href":"https:\/\/ifoffice.pt\/index.php?rest_route=\/wp\/v2\/media\/114316"}],"wp:attachment":[{"href":"https:\/\/ifoffice.pt\/index.php?rest_route=%2Fwp%2Fv2%2Fmedia&parent=104990"}],"wp:term":[{"taxonomy":"product_brand","embeddable":true,"href":"https:\/\/ifoffice.pt\/index.php?rest_route=%2Fwp%2Fv2%2Fproduct_brand&post=104990"},{"taxonomy":"product_cat","embeddable":true,"href":"https:\/\/ifoffice.pt\/index.php?rest_route=%2Fwp%2Fv2%2Fproduct_cat&post=104990"},{"taxonomy":"product_tag","embeddable":true,"href":"https:\/\/ifoffice.pt\/index.php?rest_route=%2Fwp%2Fv2%2Fproduct_tag&post=104990"}],"curies":[{"name":"wp","href":"https:\/\/api.w.org\/{rel}","templated":true}]}}