{"id":104688,"date":"2021-03-29T10:05:15","date_gmt":"2021-03-29T10:05:15","guid":{"rendered":"https:\/\/ifoffice.pt\/?post_type=product&#038;p=104688"},"modified":"2025-03-12T12:09:33","modified_gmt":"2025-03-12T12:09:33","slug":"coluna-ngs-bluetooth-roller","status":"publish","type":"product","link":"https:\/\/ifoffice.pt\/?product=coluna-ngs-bluetooth-roller","title":{"rendered":"Coluna ngs bluetooth roller tempo portatil de 20w compativel com tecnologia tws usb sd aux autonomia 7 horas cor preta"},"content":{"rendered":"<p>Potente coluna compat\u00edvel com tecnologia Bluetooth 5.0 e TWS (True Wireless Stereo), ideal para levar para qualquer lugar, gra\u00e7as \u00e0 sua bateria e correia de ombro incorporada. Desfruta da m\u00fasica ao ar livre gra\u00e7as \u00e0 sua m\u00e1xima portabilidade e leveza. Pot\u00eancia de sa\u00edda: 20W. Entrada de audio USB. Entrada de audio de cart\u00e3o MicroSD. Entrada auxiliar. Resposta em frequ\u00eancia: 100 Hz-20kHz. Capacidade da bateria: 1500mAh. Tempo de funcionamento m\u00e9dio: 5 horas. A coluna.<\/p>\n","protected":false},"excerpt":{"rendered":"<p>Coluna ngs bluetooth roller tempo portatil de 20w compativel com tecnologia tws usb sd aux autonomia 7 horas cor preta.<\/p>\n","protected":false},"featured_media":115524,"comment_status":"closed","ping_status":"closed","template":"","meta":{"neve_meta_sidebar":"","neve_meta_container":"","neve_meta_enable_content_width":"off","neve_meta_content_width":0,"neve_meta_title_alignment":"","neve_meta_author_avatar":"","neve_post_elements_order":"","neve_meta_disable_header":"","neve_meta_disable_footer":"","neve_meta_disable_title":""},"product_brand":[],"product_cat":[1805],"product_tag":[1199],"class_list":{"0":"post-104688","1":"product","2":"type-product","3":"status-publish","4":"has-post-thumbnail","6":"product_cat-colunas-microfones-webcam","7":"product_tag-colunas","9":"first","10":"outofstock","11":"taxable","12":"shipping-taxable","13":"purchasable","14":"product-type-simple"},"_links":{"self":[{"href":"https:\/\/ifoffice.pt\/index.php?rest_route=\/wp\/v2\/product\/104688","targetHints":{"allow":["GET"]}}],"collection":[{"href":"https:\/\/ifoffice.pt\/index.php?rest_route=\/wp\/v2\/product"}],"about":[{"href":"https:\/\/ifoffice.pt\/index.php?rest_route=\/wp\/v2\/types\/product"}],"replies":[{"embeddable":true,"href":"https:\/\/ifoffice.pt\/index.php?rest_route=%2Fwp%2Fv2%2Fcomments&post=104688"}],"wp:featuredmedia":[{"embeddable":true,"href":"https:\/\/ifoffice.pt\/index.php?rest_route=\/wp\/v2\/media\/115524"}],"wp:attachment":[{"href":"https:\/\/ifoffice.pt\/index.php?rest_route=%2Fwp%2Fv2%2Fmedia&parent=104688"}],"wp:term":[{"taxonomy":"product_brand","embeddable":true,"href":"https:\/\/ifoffice.pt\/index.php?rest_route=%2Fwp%2Fv2%2Fproduct_brand&post=104688"},{"taxonomy":"product_cat","embeddable":true,"href":"https:\/\/ifoffice.pt\/index.php?rest_route=%2Fwp%2Fv2%2Fproduct_cat&post=104688"},{"taxonomy":"product_tag","embeddable":true,"href":"https:\/\/ifoffice.pt\/index.php?rest_route=%2Fwp%2Fv2%2Fproduct_tag&post=104688"}],"curies":[{"name":"wp","href":"https:\/\/api.w.org\/{rel}","templated":true}]}}