{"id":104097,"date":"2021-03-23T15:34:14","date_gmt":"2021-03-23T15:34:14","guid":{"rendered":"https:\/\/ifoffice.pt\/?post_type=product&#038;p=104097"},"modified":"2025-03-12T12:09:23","modified_gmt":"2025-03-12T12:09:23","slug":"esferografica-bic-cristal-ponta-fina-preto-2","status":"publish","type":"product","link":"https:\/\/ifoffice.pt\/?product=esferografica-bic-cristal-ponta-fina-preto-2","title":{"rendered":"Esferogr\u00e1fica bic cristal ponta fina preto"},"content":{"rendered":"<p>Ponta exclusiva Bic de 0,7 mm. Maior precis\u00e3o. Corpo transl\u00facido. Escrita fina para maior nitidez do texto. Tampa da cor da tinta. Tra\u00e7o de 0,3 mm.<\/p>\n","protected":false},"excerpt":{"rendered":"<p>Esferografica bic cristal ponta fina preto<\/p>\n","protected":false},"featured_media":93140,"comment_status":"closed","ping_status":"closed","template":"","meta":{"neve_meta_sidebar":"","neve_meta_container":"","neve_meta_enable_content_width":"off","neve_meta_content_width":70,"neve_meta_title_alignment":"","neve_meta_author_avatar":"","neve_post_elements_order":"","neve_meta_disable_header":"","neve_meta_disable_footer":"","neve_meta_disable_title":""},"product_brand":[],"product_cat":[1761],"product_tag":[924],"class_list":{"0":"post-104097","1":"product","2":"type-product","3":"status-publish","4":"has-post-thumbnail","6":"product_cat-esferograficas","7":"product_tag-com-tampa","9":"first","10":"outofstock","11":"taxable","12":"shipping-taxable","13":"purchasable","14":"product-type-simple"},"_links":{"self":[{"href":"https:\/\/ifoffice.pt\/index.php?rest_route=\/wp\/v2\/product\/104097","targetHints":{"allow":["GET"]}}],"collection":[{"href":"https:\/\/ifoffice.pt\/index.php?rest_route=\/wp\/v2\/product"}],"about":[{"href":"https:\/\/ifoffice.pt\/index.php?rest_route=\/wp\/v2\/types\/product"}],"replies":[{"embeddable":true,"href":"https:\/\/ifoffice.pt\/index.php?rest_route=%2Fwp%2Fv2%2Fcomments&post=104097"}],"wp:featuredmedia":[{"embeddable":true,"href":"https:\/\/ifoffice.pt\/index.php?rest_route=\/wp\/v2\/media\/93140"}],"wp:attachment":[{"href":"https:\/\/ifoffice.pt\/index.php?rest_route=%2Fwp%2Fv2%2Fmedia&parent=104097"}],"wp:term":[{"taxonomy":"product_brand","embeddable":true,"href":"https:\/\/ifoffice.pt\/index.php?rest_route=%2Fwp%2Fv2%2Fproduct_brand&post=104097"},{"taxonomy":"product_cat","embeddable":true,"href":"https:\/\/ifoffice.pt\/index.php?rest_route=%2Fwp%2Fv2%2Fproduct_cat&post=104097"},{"taxonomy":"product_tag","embeddable":true,"href":"https:\/\/ifoffice.pt\/index.php?rest_route=%2Fwp%2Fv2%2Fproduct_tag&post=104097"}],"curies":[{"name":"wp","href":"https:\/\/api.w.org\/{rel}","templated":true}]}}