{"id":103737,"date":"2021-03-09T11:24:03","date_gmt":"2021-03-09T11:24:03","guid":{"rendered":"https:\/\/ifoffice.pt\/?post_type=product&#038;p=103737"},"modified":"2025-05-19T13:48:55","modified_gmt":"2025-05-19T13:48:55","slug":"desinfetante-viricida-deocil-cat-8-1l","status":"publish","type":"product","link":"https:\/\/ifoffice.pt\/?product=desinfetante-viricida-deocil-cat-8-1l","title":{"rendered":"Desinfetante viricida Deocil Cat-8% 1L"},"content":{"rendered":"<p>Especialmente preparado para uso direto na limpeza e desinfe\u00e7\u00e3o de superf\u00edcies e equipamentos, em uma \u00fanica opera\u00e7\u00e3o. Conformidade com <strong>a UNE-NE 14476<\/strong>.<\/p>\n<p>Embalagem de 1 litro.<\/p>\n","protected":false},"excerpt":{"rendered":"<p>desinfetante viricida multiusos pronto a usar deocil cat-8% 1L<\/p>\n","protected":false},"featured_media":103738,"comment_status":"closed","ping_status":"closed","template":"","meta":{"neve_meta_sidebar":"","neve_meta_container":"","neve_meta_enable_content_width":"off","neve_meta_content_width":70,"neve_meta_title_alignment":"","neve_meta_author_avatar":"","neve_post_elements_order":"","neve_meta_disable_header":"","neve_meta_disable_footer":"","neve_meta_disable_title":""},"product_brand":[],"product_cat":[1791,1792],"product_tag":[1012,889],"class_list":{"0":"post-103737","1":"product","2":"type-product","3":"status-publish","4":"has-post-thumbnail","6":"product_cat-prevencao","7":"product_cat-produtos-de-limpeza","8":"product_tag-covid","9":"product_tag-desinfectantes","11":"first","12":"instock","13":"taxable","14":"shipping-taxable","15":"purchasable","16":"product-type-simple"},"_links":{"self":[{"href":"https:\/\/ifoffice.pt\/index.php?rest_route=\/wp\/v2\/product\/103737","targetHints":{"allow":["GET"]}}],"collection":[{"href":"https:\/\/ifoffice.pt\/index.php?rest_route=\/wp\/v2\/product"}],"about":[{"href":"https:\/\/ifoffice.pt\/index.php?rest_route=\/wp\/v2\/types\/product"}],"replies":[{"embeddable":true,"href":"https:\/\/ifoffice.pt\/index.php?rest_route=%2Fwp%2Fv2%2Fcomments&post=103737"}],"wp:featuredmedia":[{"embeddable":true,"href":"https:\/\/ifoffice.pt\/index.php?rest_route=\/wp\/v2\/media\/103738"}],"wp:attachment":[{"href":"https:\/\/ifoffice.pt\/index.php?rest_route=%2Fwp%2Fv2%2Fmedia&parent=103737"}],"wp:term":[{"taxonomy":"product_brand","embeddable":true,"href":"https:\/\/ifoffice.pt\/index.php?rest_route=%2Fwp%2Fv2%2Fproduct_brand&post=103737"},{"taxonomy":"product_cat","embeddable":true,"href":"https:\/\/ifoffice.pt\/index.php?rest_route=%2Fwp%2Fv2%2Fproduct_cat&post=103737"},{"taxonomy":"product_tag","embeddable":true,"href":"https:\/\/ifoffice.pt\/index.php?rest_route=%2Fwp%2Fv2%2Fproduct_tag&post=103737"}],"curies":[{"name":"wp","href":"https:\/\/api.w.org\/{rel}","templated":true}]}}