{"id":103597,"date":"2021-03-03T16:47:33","date_gmt":"2021-03-03T16:47:33","guid":{"rendered":"https:\/\/ifoffice.pt\/?post_type=product&#038;p=103597"},"modified":"2025-03-12T12:09:12","modified_gmt":"2025-03-12T12:09:12","slug":"mascara-descartavel-kn95-caixa-com-10-unidades-copia","status":"publish","type":"product","link":"https:\/\/ifoffice.pt\/?product=mascara-descartavel-kn95-caixa-com-10-unidades-copia","title":{"rendered":"M\u00e1scara Descart\u00e1vel KN95 caixa com 10 unidades"},"content":{"rendered":"<p>M\u00e1scara descart\u00e1vel KN95 com efic\u00e1cia m\u00ednima de filtragem \u2265 95%.<\/p>\n","protected":false},"excerpt":{"rendered":"<p>M\u00e1scara Descart\u00e1vel KN95<\/p>\n","protected":false},"featured_media":102659,"comment_status":"closed","ping_status":"closed","template":"","meta":{"neve_meta_sidebar":"","neve_meta_container":"","neve_meta_enable_content_width":"off","neve_meta_content_width":70,"neve_meta_title_alignment":"","neve_meta_author_avatar":"","neve_post_elements_order":"","neve_meta_disable_header":"","neve_meta_disable_footer":"","neve_meta_disable_title":""},"product_brand":[],"product_cat":[1791],"product_tag":[1012,892],"class_list":{"0":"post-103597","1":"product","2":"type-product","3":"status-publish","4":"has-post-thumbnail","6":"product_cat-prevencao","7":"product_tag-covid","8":"product_tag-mascaras","10":"first","11":"outofstock","12":"featured","13":"taxable","14":"shipping-taxable","15":"purchasable","16":"product-type-simple"},"_links":{"self":[{"href":"https:\/\/ifoffice.pt\/index.php?rest_route=\/wp\/v2\/product\/103597","targetHints":{"allow":["GET"]}}],"collection":[{"href":"https:\/\/ifoffice.pt\/index.php?rest_route=\/wp\/v2\/product"}],"about":[{"href":"https:\/\/ifoffice.pt\/index.php?rest_route=\/wp\/v2\/types\/product"}],"replies":[{"embeddable":true,"href":"https:\/\/ifoffice.pt\/index.php?rest_route=%2Fwp%2Fv2%2Fcomments&post=103597"}],"wp:featuredmedia":[{"embeddable":true,"href":"https:\/\/ifoffice.pt\/index.php?rest_route=\/wp\/v2\/media\/102659"}],"wp:attachment":[{"href":"https:\/\/ifoffice.pt\/index.php?rest_route=%2Fwp%2Fv2%2Fmedia&parent=103597"}],"wp:term":[{"taxonomy":"product_brand","embeddable":true,"href":"https:\/\/ifoffice.pt\/index.php?rest_route=%2Fwp%2Fv2%2Fproduct_brand&post=103597"},{"taxonomy":"product_cat","embeddable":true,"href":"https:\/\/ifoffice.pt\/index.php?rest_route=%2Fwp%2Fv2%2Fproduct_cat&post=103597"},{"taxonomy":"product_tag","embeddable":true,"href":"https:\/\/ifoffice.pt\/index.php?rest_route=%2Fwp%2Fv2%2Fproduct_tag&post=103597"}],"curies":[{"name":"wp","href":"https:\/\/api.w.org\/{rel}","templated":true}]}}