{"id":103584,"date":"2021-03-02T15:27:03","date_gmt":"2021-03-02T15:27:03","guid":{"rendered":"https:\/\/ifoffice.pt\/?post_type=product&#038;p=103584"},"modified":"2025-03-12T12:09:12","modified_gmt":"2025-03-12T12:09:12","slug":"gel-desinfetante-hidroalcoolico-para-maos-purell-advanced","status":"publish","type":"product","link":"https:\/\/ifoffice.pt\/?product=gel-desinfetante-hidroalcoolico-para-maos-purell-advanced","title":{"rendered":"Gel desinfetante hidroalco\u00f3lico para m\u00e3os Purell Advanced"},"content":{"rendered":"<p>Solu\u00e7\u00e3o hidroalco\u00f3lica para a desinfe\u00e7\u00e3o das m\u00e3os, extremamente agrad\u00e1vel de usar e clinicamente comprovado que mant\u00e9m a sa\u00fade da pele. Cumpre com as normas europeias: Bactericida de acordo com a norma EN 1500 (desinfectante de m\u00e3os), EN 12791 (solu\u00e7\u00e3o antiss\u00e9ptica cir\u00fargica), virucida de acordo com a norma EN 14476.<br \/>\nEmbalagem de 500ml.<\/p>\n","protected":false},"excerpt":{"rendered":"<p>Gel desinfetante hidroalco\u00f3lico Purell Advanced 500ml<\/p>\n","protected":false},"featured_media":103585,"comment_status":"closed","ping_status":"closed","template":"","meta":{"neve_meta_sidebar":"","neve_meta_container":"","neve_meta_enable_content_width":"off","neve_meta_content_width":100,"neve_meta_title_alignment":"","neve_meta_author_avatar":"","neve_post_elements_order":"","neve_meta_disable_header":"","neve_meta_disable_footer":"","neve_meta_disable_title":""},"product_brand":[],"product_cat":[1791],"product_tag":[1012,1016],"class_list":{"0":"post-103584","1":"product","2":"type-product","3":"status-publish","4":"has-post-thumbnail","6":"product_cat-prevencao","7":"product_tag-covid","8":"product_tag-gel","10":"first","11":"outofstock","12":"featured","13":"taxable","14":"shipping-taxable","15":"purchasable","16":"product-type-simple"},"_links":{"self":[{"href":"https:\/\/ifoffice.pt\/index.php?rest_route=\/wp\/v2\/product\/103584","targetHints":{"allow":["GET"]}}],"collection":[{"href":"https:\/\/ifoffice.pt\/index.php?rest_route=\/wp\/v2\/product"}],"about":[{"href":"https:\/\/ifoffice.pt\/index.php?rest_route=\/wp\/v2\/types\/product"}],"replies":[{"embeddable":true,"href":"https:\/\/ifoffice.pt\/index.php?rest_route=%2Fwp%2Fv2%2Fcomments&post=103584"}],"wp:featuredmedia":[{"embeddable":true,"href":"https:\/\/ifoffice.pt\/index.php?rest_route=\/wp\/v2\/media\/103585"}],"wp:attachment":[{"href":"https:\/\/ifoffice.pt\/index.php?rest_route=%2Fwp%2Fv2%2Fmedia&parent=103584"}],"wp:term":[{"taxonomy":"product_brand","embeddable":true,"href":"https:\/\/ifoffice.pt\/index.php?rest_route=%2Fwp%2Fv2%2Fproduct_brand&post=103584"},{"taxonomy":"product_cat","embeddable":true,"href":"https:\/\/ifoffice.pt\/index.php?rest_route=%2Fwp%2Fv2%2Fproduct_cat&post=103584"},{"taxonomy":"product_tag","embeddable":true,"href":"https:\/\/ifoffice.pt\/index.php?rest_route=%2Fwp%2Fv2%2Fproduct_tag&post=103584"}],"curies":[{"name":"wp","href":"https:\/\/api.w.org\/{rel}","templated":true}]}}