{"id":103012,"date":"2021-02-12T12:28:40","date_gmt":"2021-02-12T12:28:40","guid":{"rendered":"https:\/\/ifoffice.pt\/?post_type=product&#038;p=103012"},"modified":"2026-02-23T13:20:56","modified_gmt":"2026-02-23T13:20:56","slug":"escova-em-microfibra-115x35-cm","status":"publish","type":"product","link":"https:\/\/ifoffice.pt\/?product=escova-em-microfibra-115x35-cm","title":{"rendered":"Escova em microfibra 11,5&#215;35 cm"},"content":{"rendered":"<p>Bolsa para cobrir as escovas fabricada em microfibra. El\u00e1stica e adapt\u00e1vel.  Oferece muito bons resultados em todo tipo de superf\u00edcies e reduz o uso  de detergente. Econ\u00f3mico e ecol\u00f3gico.  Medidas: 190 x 350 x 10 mm. Peso: 66 g.<\/p>\n","protected":false},"excerpt":{"rendered":"<p>Escova em microfibra 11,5&#215;35 cm<\/p>\n","protected":false},"featured_media":132427,"comment_status":"closed","ping_status":"closed","template":"","meta":{"neve_meta_sidebar":"","neve_meta_container":"","neve_meta_enable_content_width":"off","neve_meta_content_width":0,"neve_meta_title_alignment":"","neve_meta_author_avatar":"","neve_post_elements_order":"","neve_meta_disable_header":"","neve_meta_disable_footer":"","neve_meta_disable_title":""},"product_brand":[],"product_cat":[1792],"product_tag":[2017,2642],"class_list":{"0":"post-103012","1":"product","2":"type-product","3":"status-publish","4":"has-post-thumbnail","6":"product_cat-produtos-de-limpeza","7":"product_tag-escoba","8":"product_tag-escova","10":"first","11":"instock","12":"taxable","13":"shipping-taxable","14":"purchasable","15":"product-type-simple"},"_links":{"self":[{"href":"https:\/\/ifoffice.pt\/index.php?rest_route=\/wp\/v2\/product\/103012","targetHints":{"allow":["GET"]}}],"collection":[{"href":"https:\/\/ifoffice.pt\/index.php?rest_route=\/wp\/v2\/product"}],"about":[{"href":"https:\/\/ifoffice.pt\/index.php?rest_route=\/wp\/v2\/types\/product"}],"replies":[{"embeddable":true,"href":"https:\/\/ifoffice.pt\/index.php?rest_route=%2Fwp%2Fv2%2Fcomments&post=103012"}],"wp:featuredmedia":[{"embeddable":true,"href":"https:\/\/ifoffice.pt\/index.php?rest_route=\/wp\/v2\/media\/132427"}],"wp:attachment":[{"href":"https:\/\/ifoffice.pt\/index.php?rest_route=%2Fwp%2Fv2%2Fmedia&parent=103012"}],"wp:term":[{"taxonomy":"product_brand","embeddable":true,"href":"https:\/\/ifoffice.pt\/index.php?rest_route=%2Fwp%2Fv2%2Fproduct_brand&post=103012"},{"taxonomy":"product_cat","embeddable":true,"href":"https:\/\/ifoffice.pt\/index.php?rest_route=%2Fwp%2Fv2%2Fproduct_cat&post=103012"},{"taxonomy":"product_tag","embeddable":true,"href":"https:\/\/ifoffice.pt\/index.php?rest_route=%2Fwp%2Fv2%2Fproduct_tag&post=103012"}],"curies":[{"name":"wp","href":"https:\/\/api.w.org\/{rel}","templated":true}]}}