{"id":100243,"date":"2021-01-22T23:51:12","date_gmt":"2021-01-22T23:51:12","guid":{"rendered":"https:\/\/ifoffice.pt\/produto\/import-placeholder-for-9610\/"},"modified":"2026-02-23T14:48:21","modified_gmt":"2026-02-23T14:48:21","slug":"marcador-fluorescente-faber-48-15-laranja","status":"publish","type":"product","link":"https:\/\/ifoffice.pt\/?product=marcador-fluorescente-faber-48-15-laranja","title":{"rendered":"Marcador fluorescente faber 48-15 laranja"},"content":{"rendered":"<p>Marcador fluorescente com tinta \u00e0 base de \u00e1gua. Ideal para todo o tipo de papel normal e especial. Ponta biselada. Tra\u00e7o aproximado entre 1, 2 e 5 mm.<\/p>\n","protected":false},"excerpt":{"rendered":"<p>PACK DE 10 UNIDADES<\/p>\n","protected":false},"featured_media":126593,"comment_status":"closed","ping_status":"closed","template":"","meta":{"neve_meta_sidebar":"","neve_meta_container":"","neve_meta_enable_content_width":"off","neve_meta_content_width":0,"neve_meta_title_alignment":"","neve_meta_author_avatar":"","neve_post_elements_order":"","neve_meta_disable_header":"","neve_meta_disable_footer":"","neve_meta_disable_title":""},"product_brand":[],"product_cat":[1860],"product_tag":[1134],"class_list":{"0":"post-100243","1":"product","2":"type-product","3":"status-publish","4":"has-post-thumbnail","6":"product_cat-marcadores-lapis-fluorescente","7":"product_tag-fluorescente","9":"first","10":"instock","11":"taxable","12":"shipping-taxable","13":"purchasable","14":"product-type-simple"},"_links":{"self":[{"href":"https:\/\/ifoffice.pt\/index.php?rest_route=\/wp\/v2\/product\/100243","targetHints":{"allow":["GET"]}}],"collection":[{"href":"https:\/\/ifoffice.pt\/index.php?rest_route=\/wp\/v2\/product"}],"about":[{"href":"https:\/\/ifoffice.pt\/index.php?rest_route=\/wp\/v2\/types\/product"}],"replies":[{"embeddable":true,"href":"https:\/\/ifoffice.pt\/index.php?rest_route=%2Fwp%2Fv2%2Fcomments&post=100243"}],"wp:featuredmedia":[{"embeddable":true,"href":"https:\/\/ifoffice.pt\/index.php?rest_route=\/wp\/v2\/media\/126593"}],"wp:attachment":[{"href":"https:\/\/ifoffice.pt\/index.php?rest_route=%2Fwp%2Fv2%2Fmedia&parent=100243"}],"wp:term":[{"taxonomy":"product_brand","embeddable":true,"href":"https:\/\/ifoffice.pt\/index.php?rest_route=%2Fwp%2Fv2%2Fproduct_brand&post=100243"},{"taxonomy":"product_cat","embeddable":true,"href":"https:\/\/ifoffice.pt\/index.php?rest_route=%2Fwp%2Fv2%2Fproduct_cat&post=100243"},{"taxonomy":"product_tag","embeddable":true,"href":"https:\/\/ifoffice.pt\/index.php?rest_route=%2Fwp%2Fv2%2Fproduct_tag&post=100243"}],"curies":[{"name":"wp","href":"https:\/\/api.w.org\/{rel}","templated":true}]}}

<p>Marcador fluorescente com tinta à base de água. Ideal para todo o tipo de papel normal e especial. Ponta biselada. Traço aproximado entre 1, 2 e 5 mm.</p>
