{"id":85,"date":"2021-01-06T21:55:34","date_gmt":"2021-01-06T21:55:34","guid":{"rendered":"https:\/\/ifoffice.pt\/?page_id=85"},"modified":"2021-01-31T22:54:46","modified_gmt":"2021-01-31T22:54:46","slug":"envios-e-entregas","status":"publish","type":"page","link":"https:\/\/ifoffice.pt\/?page_id=85","title":{"rendered":"Envios e Entregas"},"content":{"rendered":"\t\t<div data-elementor-type=\"wp-page\" data-elementor-id=\"85\" class=\"elementor elementor-85\">\n\t\t\t\t\t\t<section class=\"elementor-section elementor-top-section elementor-element elementor-element-c705750 elementor-section-boxed elementor-section-height-default elementor-section-height-default wpr-particle-no wpr-jarallax-no wpr-parallax-no wpr-sticky-section-no wpr-column-slider-no wpr-equal-height-no\" data-id=\"c705750\" data-element_type=\"section\" data-e-type=\"section\" data-settings=\"{&quot;background_background&quot;:&quot;classic&quot;}\">\n\t\t\t\t\t\t\t<div class=\"elementor-background-overlay\"><\/div>\n\t\t\t\t\t\t\t<div class=\"elementor-container elementor-column-gap-default\">\n\t\t\t\t\t<div class=\"elementor-column elementor-col-100 elementor-top-column elementor-element elementor-element-1ecce48\" data-id=\"1ecce48\" data-element_type=\"column\" data-e-type=\"column\">\n\t\t\t<div class=\"elementor-widget-wrap elementor-element-populated\">\n\t\t\t\t\t\t<div class=\"elementor-element elementor-element-29aa61e elementor-widget elementor-widget-heading\" data-id=\"29aa61e\" data-element_type=\"widget\" data-e-type=\"widget\" data-widget_type=\"heading.default\">\n\t\t\t\t<div class=\"elementor-widget-container\">\n\t\t\t\t\t<h2 class=\"elementor-heading-title elementor-size-default\">ENVIOS E ENTREGAS\u200b<\/h2>\t\t\t\t<\/div>\n\t\t\t\t<\/div>\n\t\t\t\t\t<\/div>\n\t\t<\/div>\n\t\t\t\t\t<\/div>\n\t\t<\/section>\n\t\t\t\t<section class=\"elementor-section elementor-top-section elementor-element elementor-element-85aa7f2 elementor-section-boxed elementor-section-height-default elementor-section-height-default wpr-particle-no wpr-jarallax-no wpr-parallax-no wpr-sticky-section-no wpr-column-slider-no wpr-equal-height-no\" data-id=\"85aa7f2\" data-element_type=\"section\" data-e-type=\"section\">\n\t\t\t\t\t\t<div class=\"elementor-container elementor-column-gap-default\">\n\t\t\t\t\t<div class=\"elementor-column elementor-col-100 elementor-top-column elementor-element elementor-element-bb0eb6e\" data-id=\"bb0eb6e\" data-element_type=\"column\" data-e-type=\"column\">\n\t\t\t<div class=\"elementor-widget-wrap elementor-element-populated\">\n\t\t\t\t\t\t<div class=\"elementor-element elementor-element-95b0fb3 elementor-widget elementor-widget-heading\" data-id=\"95b0fb3\" data-element_type=\"widget\" data-e-type=\"widget\" data-widget_type=\"heading.default\">\n\t\t\t\t<div class=\"elementor-widget-container\">\n\t\t\t\t\t<h2 class=\"elementor-heading-title elementor-size-default\">ENVIOS E ENTREGAS<\/h2>\t\t\t\t<\/div>\n\t\t\t\t<\/div>\n\t\t\t\t<div class=\"elementor-element elementor-element-c7ab75e elementor-widget elementor-widget-heading\" data-id=\"c7ab75e\" data-element_type=\"widget\" data-e-type=\"widget\" data-widget_type=\"heading.default\">\n\t\t\t\t<div class=\"elementor-widget-container\">\n\t\t\t\t\t<h4 class=\"elementor-heading-title elementor-size-default\">Ap\u00f3s recebida a confirma\u00e7\u00e3o de Pagamento<\/h4>\t\t\t\t<\/div>\n\t\t\t\t<\/div>\n\t\t\t\t<div class=\"elementor-element elementor-element-83ef738 elementor-widget elementor-widget-text-editor\" data-id=\"83ef738\" data-element_type=\"widget\" data-e-type=\"widget\" data-widget_type=\"text-editor.default\">\n\t\t\t\t<div class=\"elementor-widget-container\">\n\t\t\t\t\t\t\t\t\t<p>A sua encomenda \u00e9 enviada com prazo de entrega 24 a 48 horas para Portugal Continental, para Madeira, A\u00e7ores e Uni\u00e3o Europeia os prazos de entrega varia entre 4 a 7 dias.<\/p><p>Os valores dos Portes podem ser visualizados durante o processo de compra.\u00a0<strong>Para encomendas superiores a 93.85 euros o envio \u00e9 gr\u00e1tis (75 euros + IVA).<\/strong><\/p><ul><li>Por favor note que todas as taxas de importa\u00e7\u00e3o \/ direitos alfandeg\u00e1rios s\u00e3o de responsabilidade do comprador.<\/li><li>A nossa loja\u00a0n\u00e3o aceitar\u00e1 nenhuma responsabilidade por despesas aduaneiras.<\/li><li>Muitos pa\u00edses n\u00e3o cobram direitos de importa\u00e7\u00e3o de itens particulares, amostras e mercadorias abaixo de um determinado valor declarado.<\/li><li>No entanto, voc\u00ea pode ter que pagar impostos, quando os bens que voc\u00ea encomendou de n\u00f3s chegarem ao seu pa\u00eds<\/li><li>Obviamente voc\u00ea vai querer que este seja o mais baixo poss\u00edvel, mas a nossa loja online n\u00e3o lhe pode dar conselhos ou informa\u00e7\u00f5es sobre as taxas de impostos e taxas alfandeg\u00e1rias de seu pa\u00eds.<\/li><li>Voc\u00ea deve se assegurar em obter informa\u00e7\u00f5es sobre os regulamentos em seu pr\u00f3prio pa\u00eds antes de encomendar.<\/li><li>N\u00e3o adicionamos nenhum imposto, custos ocultos ou imposto de venda. Voc\u00ea paga o que voc\u00ea v\u00ea na p\u00e1gina de checkout, ou seja, o custo da mercadoria e o custo do transporte.<\/li><li>No entanto &#8211; Na maioria dos pa\u00edses do mundo tem de se pagar impostos sobre as mercadorias importadas. \u00c0s vezes, uma mercadoria abaixo de um determinado valor ou de certas categorias, podem estar isentos de taxa\u00e7\u00e3o.<\/li><li>As regras s\u00e3o diferentes em cada pa\u00eds.<\/li><li>Em muitos pa\u00edses as regras s\u00e3o muitas vezes aplicados de forma diferente em diferentes lugares, e \u00e0s vezes um pouco ao acaso.<\/li><\/ul>\t\t\t\t\t\t\t\t<\/div>\n\t\t\t\t<\/div>\n\t\t\t\t<div class=\"elementor-element elementor-element-02859eb elementor-widget elementor-widget-heading\" data-id=\"02859eb\" data-element_type=\"widget\" data-e-type=\"widget\" data-widget_type=\"heading.default\">\n\t\t\t\t<div class=\"elementor-widget-container\">\n\t\t\t\t\t<h2 class=\"elementor-heading-title elementor-size-default\">DIREITO DE DEVOLU\u00c7\u00c3O \/ RESOLU\u00c7\u00c3O<\/h2>\t\t\t\t<\/div>\n\t\t\t\t<\/div>\n\t\t\t\t<div class=\"elementor-element elementor-element-8c6cd38 elementor-widget elementor-widget-text-editor\" data-id=\"8c6cd38\" data-element_type=\"widget\" data-e-type=\"widget\" data-widget_type=\"text-editor.default\">\n\t\t\t\t<div class=\"elementor-widget-container\">\n\t\t\t\t\t\t\t\t\t<p>( Artigo 4\u00ba do Decrecto Lei n\u00ba 24\/2014 de 14 Fevereiro alterado pela Lei n\u00ba 47\/2014 de 28 de Julho)<\/p><p>O Cliente tem o direito de resolver \/ rescindir o contrato no prazo de 14 dias a contar do dia em que o Cliente ou um terceiro em seu nome, adquira a posse f\u00edsica do bem, ou do \u00faltimo bem no caso de v\u00e1rios bens encomendados numa \u00fanica encomenda e entregues em separado. Pode exercer o direito de resolu\u00e7\u00e3o para: IFOFFICE, Unipessoal lda., Alameda Grupo Desportivo Alcochetense, n.\u00ba 139 &#8211; 2890-110 Alcochete, Telem\u00f3vel: 960 064 173, email:\u00a0<a href=\"mailto:geral@ifoffice.pt\">geral@ifoffice.pt<\/a>, indicando a decis\u00e3o de resolver este contrato por declara\u00e7\u00e3o inequ\u00edvoca (por exemplo, carta enviada por correio, fax ou e-mail), a enviar antes do prazo referido no par\u00e1grafo anterior.<\/p><p><strong>Efeitos da resolu\u00e7\u00e3o<\/strong><\/p><p>Se resolver este contrato, procederemos ao reembolso de todos os pagamentos recebidos da sua parte, excluindo os custos de entrega, sem demora injustificada e, seja qual for o caso, no prazo de 14 dias a partir do dia em que formos informados da sua decis\u00e3o de resolver este contrato.<\/p><p>Procederemos a esse reembolso usando os mesmos meios de pagamento que usou na transac\u00e7\u00e3o inicial, a menos que tenha sido expressamente acordado de outra forma.<\/p><p>Em qualquer caso, o Cliente n\u00e3o incorre em qualquer custo em consequ\u00eancia desse reembolso. Reservamo-nos no direito de reter o reembolso at\u00e9 termos recebido os Produtos devolvidos ou at\u00e9 que tenha apresentado comprovativo do envio dos artigos, consoante o que ocorrer mais cedo.<\/p><p><strong>Devolu\u00e7\u00e3o dos artigos<\/strong><\/p><p>Se optar por exercer o seu direito de resolu\u00e7\u00e3o, incumbe ao cliente suportar o custo da devolu\u00e7\u00e3o dos bens.<\/p><p><strong>Responsabilidade e Garantia<\/strong><\/p><p>O Cliente s\u00f3 \u00e9 respons\u00e1vel pela deprecia\u00e7\u00e3o dos artigos resultante de um manuseamento distinto do necess\u00e1rio para verificar a natureza, caracter\u00edsticas e funcionamento dos artigos.<\/p><p>Para exercer o seu direito de resolu\u00e7\u00e3o emitir uma declara\u00e7\u00e3o inequ\u00edvoca \u00e0 IFOFFICE declarando que pretende resolver o contrato.<\/p><p>Todos os produtos que contenham consum\u00edveis (Cartuchos \/ Fitas \/ Toners) s\u00f3 podem ser trocados \/ devolvidos se se encontrarem selados.<\/p><p><strong>O seu direito de rescis\u00e3o n\u00e3o se aplica:<\/strong><\/p><p>Ao fornecimento de produtos feitos de acordo com as especifica\u00e7\u00f5es do consumidor ou claramente personalizados;<\/p><p>Ao fornecimento de produtos suscept\u00edveis de r\u00e1pida deteriora\u00e7\u00e3o;<\/p><p>Ao fornecimento de produtos n\u00e3o suscept\u00edveis de devolu\u00e7\u00e3o por motivos de protec\u00e7\u00e3o da sa\u00fade ou de higiene e aos quais foi retirado o selo ap\u00f3s a entrega;<\/p><p>Aos cartuchos e outros consum\u00edveis n\u00e3o selados (Toners \/ Fitas \/ Tinteiros), a menos que tenham defeito.<\/p>\t\t\t\t\t\t\t\t<\/div>\n\t\t\t\t<\/div>\n\t\t\t\t\t<\/div>\n\t\t<\/div>\n\t\t\t\t\t<\/div>\n\t\t<\/section>\n\t\t\t\t<section class=\"elementor-section elementor-top-section elementor-element elementor-element-0849bd3 elementor-section-boxed elementor-section-height-default elementor-section-height-default wpr-particle-no wpr-jarallax-no wpr-parallax-no wpr-sticky-section-no wpr-column-slider-no wpr-equal-height-no\" data-id=\"0849bd3\" data-element_type=\"section\" data-e-type=\"section\" data-settings=\"{&quot;shape_divider_bottom&quot;:&quot;opacity-tilt&quot;}\">\n\t\t\t\t\t<div class=\"elementor-shape elementor-shape-bottom\" aria-hidden=\"true\" data-negative=\"false\">\n\t\t\t<svg xmlns=\"http:\/\/www.w3.org\/2000\/svg\" viewBox=\"0 0 2600 131.1\" preserveAspectRatio=\"none\">\n\t<path class=\"elementor-shape-fill\" d=\"M0 0L2600 0 2600 69.1 0 0z\"\/>\n\t<path class=\"elementor-shape-fill\" style=\"opacity:0.5\" d=\"M0 0L2600 0 2600 69.1 0 69.1z\"\/>\n\t<path class=\"elementor-shape-fill\" style=\"opacity:0.25\" d=\"M2600 0L0 0 0 130.1 2600 69.1z\"\/>\n<\/svg>\t\t<\/div>\n\t\t\t\t\t<div class=\"elementor-container elementor-column-gap-default\">\n\t\t\t\t\t<div class=\"elementor-column elementor-col-100 elementor-top-column elementor-element elementor-element-0c8bbb9\" data-id=\"0c8bbb9\" data-element_type=\"column\" data-e-type=\"column\">\n\t\t\t<div class=\"elementor-widget-wrap elementor-element-populated\">\n\t\t\t\t\t\t<div class=\"elementor-element elementor-element-f4da39e elementor-widget elementor-widget-spacer\" data-id=\"f4da39e\" data-element_type=\"widget\" data-e-type=\"widget\" data-widget_type=\"spacer.default\">\n\t\t\t\t<div class=\"elementor-widget-container\">\n\t\t\t\t\t\t\t<div class=\"elementor-spacer\">\n\t\t\t<div class=\"elementor-spacer-inner\"><\/div>\n\t\t<\/div>\n\t\t\t\t\t\t<\/div>\n\t\t\t\t<\/div>\n\t\t\t\t\t<\/div>\n\t\t<\/div>\n\t\t\t\t\t<\/div>\n\t\t<\/section>\n\t\t\t\t<\/div>\n\t\t","protected":false},"excerpt":{"rendered":"<p>ENVIOS E ENTREGAS\u200b ENVIOS E ENTREGAS Ap\u00f3s recebida a confirma\u00e7\u00e3o de Pagamento A sua encomenda \u00e9 enviada com prazo de entrega 24 a 48 horas para Portugal Continental, para Madeira, A\u00e7ores e Uni\u00e3o Europeia os prazos de entrega varia entre 4 a 7 dias. Os valores dos Portes podem ser visualizados durante o processo de compra.\u00a0Para encomendas superiores a 93.85 euros o envio \u00e9 gr\u00e1tis (75 euros + IVA). Por favor note que todas as taxas de importa\u00e7\u00e3o \/ direitos alfandeg\u00e1rios s\u00e3o de responsabilidade do comprador. A nossa loja\u00a0n\u00e3o aceitar\u00e1 nenhuma responsabilidade por despesas aduaneiras. Muitos pa\u00edses n\u00e3o cobram direitos de importa\u00e7\u00e3o de itens particulares, amostras e mercadorias abaixo de um determinado valor declarado. No entanto, voc\u00ea pode ter que pagar impostos, quando os bens que voc\u00ea encomendou de n\u00f3s chegarem ao seu pa\u00eds Obviamente voc\u00ea vai querer que este seja o mais baixo poss\u00edvel, mas a nossa loja online n\u00e3o lhe pode dar conselhos ou informa\u00e7\u00f5es sobre as taxas de impostos e taxas alfandeg\u00e1rias de seu pa\u00eds. Voc\u00ea deve se assegurar em obter informa\u00e7\u00f5es sobre os regulamentos em seu pr\u00f3prio pa\u00eds antes de encomendar. N\u00e3o adicionamos nenhum imposto, custos ocultos ou imposto de venda. Voc\u00ea paga o que voc\u00ea v\u00ea na p\u00e1gina de checkout, ou seja, o custo da mercadoria e o custo do transporte. No entanto &#8211; Na maioria dos pa\u00edses do mundo tem de se pagar impostos sobre as mercadorias importadas. \u00c0s vezes, uma mercadoria abaixo de um determinado valor ou de certas categorias, podem estar isentos de taxa\u00e7\u00e3o. As regras s\u00e3o diferentes em cada pa\u00eds. Em muitos pa\u00edses as regras s\u00e3o muitas vezes aplicados de forma diferente em diferentes lugares, e \u00e0s vezes um pouco ao acaso. DIREITO DE DEVOLU\u00c7\u00c3O \/ RESOLU\u00c7\u00c3O ( Artigo 4\u00ba do Decrecto Lei n\u00ba 24\/2014 de 14 Fevereiro alterado pela Lei n\u00ba 47\/2014 de 28 de Julho) O Cliente tem o direito de resolver \/ rescindir o contrato no prazo de 14 dias a contar do dia em que o Cliente ou um terceiro em seu nome, adquira a posse f\u00edsica do bem, ou do \u00faltimo bem no caso de v\u00e1rios bens encomendados numa \u00fanica encomenda e entregues em separado. Pode exercer o direito de resolu\u00e7\u00e3o para: IFOFFICE, Unipessoal lda., Alameda Grupo Desportivo Alcochetense, n.\u00ba 139 &#8211; 2890-110 Alcochete, Telem\u00f3vel: 960 064 173, email:\u00a0geral@ifoffice.pt, indicando a decis\u00e3o de resolver este contrato por declara\u00e7\u00e3o inequ\u00edvoca (por exemplo, carta enviada por correio, fax ou e-mail), a enviar antes do prazo referido no par\u00e1grafo anterior. Efeitos da resolu\u00e7\u00e3o Se resolver este contrato, procederemos ao reembolso de todos os pagamentos recebidos da sua parte, excluindo os custos de entrega, sem demora injustificada e, seja qual for o caso, no prazo de 14 dias a partir do dia em que formos informados da sua decis\u00e3o de resolver este contrato. Procederemos a esse reembolso usando os mesmos meios de pagamento que usou na transac\u00e7\u00e3o inicial, a menos que tenha sido expressamente acordado de outra forma. Em qualquer caso, o Cliente n\u00e3o incorre em qualquer custo em consequ\u00eancia desse reembolso. Reservamo-nos no direito de reter o reembolso at\u00e9 termos recebido os Produtos devolvidos ou at\u00e9 que tenha apresentado comprovativo do envio dos artigos, consoante o que ocorrer mais cedo. Devolu\u00e7\u00e3o dos artigos Se optar por exercer o seu direito de resolu\u00e7\u00e3o, incumbe ao cliente suportar o custo da devolu\u00e7\u00e3o dos bens. Responsabilidade e Garantia O Cliente s\u00f3 \u00e9 respons\u00e1vel pela deprecia\u00e7\u00e3o dos artigos resultante de um manuseamento distinto do necess\u00e1rio para verificar a natureza, caracter\u00edsticas e funcionamento dos artigos. Para exercer o seu direito de resolu\u00e7\u00e3o emitir uma declara\u00e7\u00e3o inequ\u00edvoca \u00e0 IFOFFICE declarando que pretende resolver o contrato. Todos os produtos que contenham consum\u00edveis (Cartuchos \/ Fitas \/ Toners) s\u00f3 podem ser trocados \/ devolvidos se se encontrarem selados. O seu direito de rescis\u00e3o n\u00e3o se aplica: Ao fornecimento de produtos feitos de acordo com as especifica\u00e7\u00f5es do consumidor ou claramente personalizados; Ao fornecimento de produtos suscept\u00edveis de r\u00e1pida deteriora\u00e7\u00e3o; Ao fornecimento de produtos n\u00e3o suscept\u00edveis de devolu\u00e7\u00e3o por motivos de protec\u00e7\u00e3o da sa\u00fade ou de higiene e aos quais foi retirado o selo ap\u00f3s a entrega; Aos cartuchos e outros consum\u00edveis n\u00e3o selados (Toners \/ Fitas \/ Tinteiros), a menos que tenham defeito.<\/p>\n","protected":false},"author":1,"featured_media":0,"parent":0,"menu_order":0,"comment_status":"closed","ping_status":"closed","template":"elementor_header_footer","meta":{"neve_meta_sidebar":"","neve_meta_container":"","neve_meta_enable_content_width":"","neve_meta_content_width":0,"neve_meta_title_alignment":"","neve_meta_author_avatar":"","neve_post_elements_order":"","neve_meta_disable_header":"","neve_meta_disable_footer":"","neve_meta_disable_title":"","footnotes":""},"class_list":["post-85","page","type-page","status-publish","hentry"],"_links":{"self":[{"href":"https:\/\/ifoffice.pt\/index.php?rest_route=\/wp\/v2\/pages\/85","targetHints":{"allow":["GET"]}}],"collection":[{"href":"https:\/\/ifoffice.pt\/index.php?rest_route=\/wp\/v2\/pages"}],"about":[{"href":"https:\/\/ifoffice.pt\/index.php?rest_route=\/wp\/v2\/types\/page"}],"author":[{"embeddable":true,"href":"https:\/\/ifoffice.pt\/index.php?rest_route=\/wp\/v2\/users\/1"}],"replies":[{"embeddable":true,"href":"https:\/\/ifoffice.pt\/index.php?rest_route=%2Fwp%2Fv2%2Fcomments&post=85"}],"version-history":[{"count":13,"href":"https:\/\/ifoffice.pt\/index.php?rest_route=\/wp\/v2\/pages\/85\/revisions"}],"predecessor-version":[{"id":102551,"href":"https:\/\/ifoffice.pt\/index.php?rest_route=\/wp\/v2\/pages\/85\/revisions\/102551"}],"wp:attachment":[{"href":"https:\/\/ifoffice.pt\/index.php?rest_route=%2Fwp%2Fv2%2Fmedia&parent=85"}],"curies":[{"name":"wp","href":"https:\/\/api.w.org\/{rel}","templated":true}]}}