{"id":80,"date":"2021-01-06T20:42:07","date_gmt":"2021-01-06T20:42:07","guid":{"rendered":"https:\/\/ifoffice.pt\/?page_id=80"},"modified":"2021-02-18T20:40:35","modified_gmt":"2021-02-18T20:40:35","slug":"pagamentos-seguros","status":"publish","type":"page","link":"https:\/\/ifoffice.pt\/?page_id=80","title":{"rendered":"Pagamentos Seguros"},"content":{"rendered":"\t\t<div data-elementor-type=\"wp-page\" data-elementor-id=\"80\" class=\"elementor elementor-80\">\n\t\t\t\t\t\t<section class=\"elementor-section elementor-top-section elementor-element elementor-element-7e3f7f9 elementor-section-boxed elementor-section-height-default elementor-section-height-default wpr-particle-no wpr-jarallax-no wpr-parallax-no wpr-sticky-section-no wpr-column-slider-no wpr-equal-height-no\" data-id=\"7e3f7f9\" data-element_type=\"section\" data-e-type=\"section\" data-settings=\"{&quot;background_background&quot;:&quot;classic&quot;}\">\n\t\t\t\t\t\t\t<div class=\"elementor-background-overlay\"><\/div>\n\t\t\t\t\t\t\t<div class=\"elementor-container elementor-column-gap-default\">\n\t\t\t\t\t<div class=\"elementor-column elementor-col-100 elementor-top-column elementor-element elementor-element-8faa9b8\" data-id=\"8faa9b8\" data-element_type=\"column\" data-e-type=\"column\">\n\t\t\t<div class=\"elementor-widget-wrap elementor-element-populated\">\n\t\t\t\t\t\t<div class=\"elementor-element elementor-element-c3d7e26 elementor-widget elementor-widget-heading\" data-id=\"c3d7e26\" data-element_type=\"widget\" data-e-type=\"widget\" data-widget_type=\"heading.default\">\n\t\t\t\t<div class=\"elementor-widget-container\">\n\t\t\t\t\t<h2 class=\"elementor-heading-title elementor-size-default\">pagamentos Seguros<\/h2>\t\t\t\t<\/div>\n\t\t\t\t<\/div>\n\t\t\t\t\t<\/div>\n\t\t<\/div>\n\t\t\t\t\t<\/div>\n\t\t<\/section>\n\t\t\t\t<section class=\"elementor-section elementor-top-section elementor-element elementor-element-48f9414 elementor-section-boxed elementor-section-height-default elementor-section-height-default wpr-particle-no wpr-jarallax-no wpr-parallax-no wpr-sticky-section-no wpr-column-slider-no wpr-equal-height-no\" data-id=\"48f9414\" data-element_type=\"section\" data-e-type=\"section\">\n\t\t\t\t\t\t<div class=\"elementor-container elementor-column-gap-default\">\n\t\t\t\t\t<div class=\"elementor-column elementor-col-100 elementor-top-column elementor-element elementor-element-924f190\" data-id=\"924f190\" data-element_type=\"column\" data-e-type=\"column\">\n\t\t\t<div class=\"elementor-widget-wrap elementor-element-populated\">\n\t\t\t\t\t\t<div class=\"elementor-element elementor-element-373529d elementor-widget elementor-widget-heading\" data-id=\"373529d\" data-element_type=\"widget\" data-e-type=\"widget\" data-widget_type=\"heading.default\">\n\t\t\t\t<div class=\"elementor-widget-container\">\n\t\t\t\t\t<h2 class=\"elementor-heading-title elementor-size-default\">OS NOSSOS PAGAMENTOS SEGUROS<\/h2>\t\t\t\t<\/div>\n\t\t\t\t<\/div>\n\t\t\t\t<div class=\"elementor-element elementor-element-1171a76 elementor-widget elementor-widget-heading\" data-id=\"1171a76\" data-element_type=\"widget\" data-e-type=\"widget\" data-widget_type=\"heading.default\">\n\t\t\t\t<div class=\"elementor-widget-container\">\n\t\t\t\t\t<h2 class=\"elementor-heading-title elementor-size-default\">No final da sua encomenda poder\u00e1 selecionar uma das 2 formas de pagamento dispon\u00edveis:<\/h2>\t\t\t\t<\/div>\n\t\t\t\t<\/div>\n\t\t\t\t<section class=\"elementor-section elementor-inner-section elementor-element elementor-element-cdb1d5d elementor-section-boxed elementor-section-height-default elementor-section-height-default wpr-particle-no wpr-jarallax-no wpr-parallax-no wpr-sticky-section-no wpr-column-slider-no wpr-equal-height-no\" data-id=\"cdb1d5d\" data-element_type=\"section\" data-e-type=\"section\">\n\t\t\t\t\t\t<div class=\"elementor-container elementor-column-gap-default\">\n\t\t\t\t\t<div class=\"elementor-column elementor-col-50 elementor-inner-column elementor-element elementor-element-c1f5103\" data-id=\"c1f5103\" data-element_type=\"column\" data-e-type=\"column\">\n\t\t\t<div class=\"elementor-widget-wrap elementor-element-populated\">\n\t\t\t\t\t\t<div class=\"elementor-element elementor-element-49a45a8 elementor-widget elementor-widget-heading\" data-id=\"49a45a8\" data-element_type=\"widget\" data-e-type=\"widget\" data-widget_type=\"heading.default\">\n\t\t\t\t<div class=\"elementor-widget-container\">\n\t\t\t\t\t<h3 class=\"elementor-heading-title elementor-size-default\">Se selecionou Transfer\u00eancia Banc\u00e1ria:<\/h3>\t\t\t\t<\/div>\n\t\t\t\t<\/div>\n\t\t\t\t<div class=\"elementor-element elementor-element-dcb4b2a elementor-widget elementor-widget-text-editor\" data-id=\"dcb4b2a\" data-element_type=\"widget\" data-e-type=\"widget\" data-widget_type=\"text-editor.default\">\n\t\t\t\t<div class=\"elementor-widget-container\">\n\t\t\t\t\t\t\t\t\t<p>Ao receber o e-mail de confirma\u00e7\u00e3o da sua encomenda, estar\u00e1 nele indicado o valor total para pagamento (valor da encomenda + portes de envio), bem como o IBAN para onde deve efectuar a transfer\u00eancia. Deve mencionar sempre o n\u00famero da encomenda nas observa\u00e7\u00f5es da transfer\u00eancia e enviar o comprovativo por e-mail para geral@ifoffice.pt.<\/p>\t\t\t\t\t\t\t\t<\/div>\n\t\t\t\t<\/div>\n\t\t\t\t\t<\/div>\n\t\t<\/div>\n\t\t\t\t<div class=\"elementor-column elementor-col-50 elementor-inner-column elementor-element elementor-element-f49bb6c\" data-id=\"f49bb6c\" data-element_type=\"column\" data-e-type=\"column\">\n\t\t\t<div class=\"elementor-widget-wrap elementor-element-populated\">\n\t\t\t\t\t\t<div class=\"elementor-element elementor-element-54231ef elementor-widget elementor-widget-image\" data-id=\"54231ef\" data-element_type=\"widget\" data-e-type=\"widget\" data-widget_type=\"image.default\">\n\t\t\t\t<div class=\"elementor-widget-container\">\n\t\t\t\t\t\t\t\t\t\t\t\t\t\t\t<img fetchpriority=\"high\" decoding=\"async\" width=\"375\" height=\"193\" src=\"https:\/\/ifoffice.pt\/wp-content\/uploads\/2021\/01\/transfer-375x193-cropped.jpg\" class=\"attachment-large size-large wp-image-57308\" alt=\"\" srcset=\"https:\/\/ifoffice.pt\/wp-content\/uploads\/2021\/01\/transfer-375x193-cropped.jpg 375w, https:\/\/ifoffice.pt\/wp-content\/uploads\/2021\/01\/transfer-375x193-cropped-300x154.jpg 300w\" sizes=\"(max-width: 375px) 100vw, 375px\" \/>\t\t\t\t\t\t\t\t\t\t\t\t\t\t\t<\/div>\n\t\t\t\t<\/div>\n\t\t\t\t\t<\/div>\n\t\t<\/div>\n\t\t\t\t\t<\/div>\n\t\t<\/section>\n\t\t\t\t<section class=\"elementor-section elementor-inner-section elementor-element elementor-element-4a589dd elementor-section-boxed elementor-section-height-default elementor-section-height-default wpr-particle-no wpr-jarallax-no wpr-parallax-no wpr-sticky-section-no wpr-column-slider-no wpr-equal-height-no\" data-id=\"4a589dd\" data-element_type=\"section\" data-e-type=\"section\">\n\t\t\t\t\t\t<div class=\"elementor-container elementor-column-gap-default\">\n\t\t\t\t\t<div class=\"elementor-column elementor-col-50 elementor-inner-column elementor-element elementor-element-1c95340\" data-id=\"1c95340\" data-element_type=\"column\" data-e-type=\"column\">\n\t\t\t<div class=\"elementor-widget-wrap elementor-element-populated\">\n\t\t\t\t\t\t<div class=\"elementor-element elementor-element-a12e95e elementor-widget elementor-widget-heading\" data-id=\"a12e95e\" data-element_type=\"widget\" data-e-type=\"widget\" data-widget_type=\"heading.default\">\n\t\t\t\t<div class=\"elementor-widget-container\">\n\t\t\t\t\t<h3 class=\"elementor-heading-title elementor-size-default\">Se selecionou Multibanco:<\/h3>\t\t\t\t<\/div>\n\t\t\t\t<\/div>\n\t\t\t\t<div class=\"elementor-element elementor-element-35cb851 elementor-widget elementor-widget-text-editor\" data-id=\"35cb851\" data-element_type=\"widget\" data-e-type=\"widget\" data-widget_type=\"text-editor.default\">\n\t\t\t\t<div class=\"elementor-widget-container\">\n\t\t\t\t\t\t\t\t\t<p>O pagamento por Multibanco \u00e9 uma forma f\u00e1cil, segura e r\u00e1pida. No final da sua encomenda, depois de ter selecionado o pagamento por Multibanco, s\u00e3o calculados online e enviados para o seu e-mail os dados (entidade, refer\u00eancia e montante) para que possa de imediato fazer o &#8220;Pagamento de Compras\/Servi\u00e7os&#8221; em qualquer Caixa Multibanco a n\u00edvel nacional ou diretamente no seu Home Banking.<\/p><p>O servi\u00e7o de pagamento por refer\u00eancia multibanco \u00e9 assegurado pela empresa\u00a0<a href=\"https:\/\/ifthenpay.com\/\" target=\"_blank\" rel=\"noopener\">ifthenpay<\/a><\/p><p>O atraso no pagamento tem repercuss\u00e3o imediata na entrega. Caso se verifique um atraso no seu pagamento ou na nossa rece\u00e7\u00e3o do mesmo, a sua encomenda s\u00f3 ser\u00e1 expedida no dia \u00fatil seguinte \u00e0 nossa rece\u00e7\u00e3o da confirma\u00e7\u00e3o da mesma, o prazo de expedi\u00e7\u00e3o varia de acordo com a disponibilidade do produto.<\/p>\t\t\t\t\t\t\t\t<\/div>\n\t\t\t\t<\/div>\n\t\t\t\t\t<\/div>\n\t\t<\/div>\n\t\t\t\t<div class=\"elementor-column elementor-col-50 elementor-inner-column elementor-element elementor-element-3200a74\" data-id=\"3200a74\" data-element_type=\"column\" data-e-type=\"column\">\n\t\t\t<div class=\"elementor-widget-wrap elementor-element-populated\">\n\t\t\t\t\t\t<div class=\"elementor-element elementor-element-cf4b5f9 elementor-widget elementor-widget-image\" data-id=\"cf4b5f9\" data-element_type=\"widget\" data-e-type=\"widget\" data-widget_type=\"image.default\">\n\t\t\t\t<div class=\"elementor-widget-container\">\n\t\t\t\t\t\t\t\t\t\t\t\t\t\t\t<img decoding=\"async\" width=\"1024\" height=\"1024\" src=\"https:\/\/ifoffice.pt\/wp-content\/uploads\/2021\/01\/1200px-Multibanco.svg-1024x1024.png\" class=\"attachment-large size-large wp-image-57307\" alt=\"\" srcset=\"https:\/\/ifoffice.pt\/wp-content\/uploads\/2021\/01\/1200px-Multibanco.svg-1024x1024.png 1024w, https:\/\/ifoffice.pt\/wp-content\/uploads\/2021\/01\/1200px-Multibanco.svg-100x100.png 100w, https:\/\/ifoffice.pt\/wp-content\/uploads\/2021\/01\/1200px-Multibanco.svg-600x600.png 600w, https:\/\/ifoffice.pt\/wp-content\/uploads\/2021\/01\/1200px-Multibanco.svg-300x300.png 300w, https:\/\/ifoffice.pt\/wp-content\/uploads\/2021\/01\/1200px-Multibanco.svg-150x150.png 150w, https:\/\/ifoffice.pt\/wp-content\/uploads\/2021\/01\/1200px-Multibanco.svg-768x768.png 768w, https:\/\/ifoffice.pt\/wp-content\/uploads\/2021\/01\/1200px-Multibanco.svg.png 1200w\" sizes=\"(max-width: 1024px) 100vw, 1024px\" \/>\t\t\t\t\t\t\t\t\t\t\t\t\t\t\t<\/div>\n\t\t\t\t<\/div>\n\t\t\t\t\t<\/div>\n\t\t<\/div>\n\t\t\t\t\t<\/div>\n\t\t<\/section>\n\t\t\t\t<section class=\"elementor-section elementor-inner-section elementor-element elementor-element-8e6cbce elementor-section-boxed elementor-section-height-default elementor-section-height-default wpr-particle-no wpr-jarallax-no wpr-parallax-no wpr-sticky-section-no wpr-column-slider-no wpr-equal-height-no\" data-id=\"8e6cbce\" data-element_type=\"section\" data-e-type=\"section\">\n\t\t\t\t\t\t<div class=\"elementor-container elementor-column-gap-default\">\n\t\t\t\t\t<div class=\"elementor-column elementor-col-50 elementor-inner-column elementor-element elementor-element-ce86611\" data-id=\"ce86611\" data-element_type=\"column\" data-e-type=\"column\">\n\t\t\t<div class=\"elementor-widget-wrap elementor-element-populated\">\n\t\t\t\t\t\t<div class=\"elementor-element elementor-element-4ec8c61 elementor-widget elementor-widget-heading\" data-id=\"4ec8c61\" data-element_type=\"widget\" data-e-type=\"widget\" data-widget_type=\"heading.default\">\n\t\t\t\t<div class=\"elementor-widget-container\">\n\t\t\t\t\t<h3 class=\"elementor-heading-title elementor-size-default\">Se selecionou MBWAY:<\/h3>\t\t\t\t<\/div>\n\t\t\t\t<\/div>\n\t\t\t\t<div class=\"elementor-element elementor-element-3f4a6b7 elementor-widget elementor-widget-text-editor\" data-id=\"3f4a6b7\" data-element_type=\"widget\" data-e-type=\"widget\" data-widget_type=\"text-editor.default\">\n\t\t\t\t<div class=\"elementor-widget-container\">\n\t\t\t\t\t\t\t\t\t<p>Em primeiro lugar dever\u00e1 garantir que o sensor NFC do seu dispositivo est\u00e1 ativo e que a app MB WAY \u00e9 a sua app default \/ preferida para pagamentos com NFC.<\/p><p>Poder\u00e1 iniciar o seu pagamento de 3 formas distintas:<br \/>\u2013 Com a app MB WAY fechada, toca com o telem\u00f3vel no ecr\u00e3 do terminal de pagamento do comerciante. Neste caso ser\u00e1 utilizado para pagamento o cart\u00e3o que tem predefinido para compras MB WAY;<\/p><p>\u2013 Com a app MB WAY aberta, escolhe o cart\u00e3o com que pretende pagar e toca com o telem\u00f3vel no ecr\u00e3 do terminal de pagamento do comerciante. Alternativamente pode tamb\u00e9m escolher a op\u00e7\u00e3o \u201cPagar com MB WAY\u201d no ecr\u00e3 de cart\u00f5es da app MB WAY e tocar no terminal;<\/p><p>\u2013 Com o ecr\u00e3 bloqueado, toca com o telem\u00f3vel no ecr\u00e3 do terminal de pagamento, sendo que para permitir esta forma de pagamento ter\u00e1 de configurar a mesma em Menu Mais \u2013&gt; Defini\u00e7\u00f5es \u2013&gt; Seguran\u00e7a \u2013&gt; Op\u00e7\u00f5es de pagamento<\/p>\t\t\t\t\t\t\t\t<\/div>\n\t\t\t\t<\/div>\n\t\t\t\t\t<\/div>\n\t\t<\/div>\n\t\t\t\t<div class=\"elementor-column elementor-col-50 elementor-inner-column elementor-element elementor-element-7f80041\" data-id=\"7f80041\" data-element_type=\"column\" data-e-type=\"column\">\n\t\t\t<div class=\"elementor-widget-wrap elementor-element-populated\">\n\t\t\t\t\t\t<div class=\"elementor-element elementor-element-6896d45 elementor-widget elementor-widget-image\" data-id=\"6896d45\" data-element_type=\"widget\" data-e-type=\"widget\" data-widget_type=\"image.default\">\n\t\t\t\t<div class=\"elementor-widget-container\">\n\t\t\t\t\t\t\t\t\t\t\t\t\t\t\t<img decoding=\"async\" width=\"512\" height=\"512\" src=\"https:\/\/ifoffice.pt\/wp-content\/uploads\/2021\/01\/unnamed.png\" class=\"attachment-large size-large wp-image-102577\" alt=\"\" srcset=\"https:\/\/ifoffice.pt\/wp-content\/uploads\/2021\/01\/unnamed.png 512w, https:\/\/ifoffice.pt\/wp-content\/uploads\/2021\/01\/unnamed-300x300.png 300w, https:\/\/ifoffice.pt\/wp-content\/uploads\/2021\/01\/unnamed-150x150.png 150w, https:\/\/ifoffice.pt\/wp-content\/uploads\/2021\/01\/unnamed-100x100.png 100w, https:\/\/ifoffice.pt\/wp-content\/uploads\/2021\/01\/unnamed-64x64.png 64w\" sizes=\"(max-width: 512px) 100vw, 512px\" \/>\t\t\t\t\t\t\t\t\t\t\t\t\t\t\t<\/div>\n\t\t\t\t<\/div>\n\t\t\t\t\t<\/div>\n\t\t<\/div>\n\t\t\t\t\t<\/div>\n\t\t<\/section>\n\t\t\t\t<div class=\"elementor-element elementor-element-7e3ffcd elementor-widget elementor-widget-text-editor\" data-id=\"7e3ffcd\" data-element_type=\"widget\" data-e-type=\"widget\" data-widget_type=\"text-editor.default\">\n\t\t\t\t<div class=\"elementor-widget-container\">\n\t\t\t\t\t\t\t\t\t<p><span style=\"text-decoration: underline;\"><strong>MBWAY, Transfer\u00eancia banc\u00e1ria ou Multibanco, qualquer uma delas c\u00f3moda, r\u00e1pida e segura.<\/strong><\/span><\/p>\t\t\t\t\t\t\t\t<\/div>\n\t\t\t\t<\/div>\n\t\t\t\t\t<\/div>\n\t\t<\/div>\n\t\t\t\t\t<\/div>\n\t\t<\/section>\n\t\t\t\t<section class=\"elementor-section elementor-top-section elementor-element elementor-element-3fc32e1 elementor-section-boxed elementor-section-height-default elementor-section-height-default wpr-particle-no wpr-jarallax-no wpr-parallax-no wpr-sticky-section-no wpr-column-slider-no wpr-equal-height-no\" data-id=\"3fc32e1\" data-element_type=\"section\" data-e-type=\"section\" data-settings=\"{&quot;shape_divider_bottom&quot;:&quot;opacity-tilt&quot;}\">\n\t\t\t\t\t<div class=\"elementor-shape elementor-shape-bottom\" aria-hidden=\"true\" data-negative=\"false\">\n\t\t\t<svg xmlns=\"http:\/\/www.w3.org\/2000\/svg\" viewBox=\"0 0 2600 131.1\" preserveAspectRatio=\"none\">\n\t<path class=\"elementor-shape-fill\" d=\"M0 0L2600 0 2600 69.1 0 0z\"\/>\n\t<path class=\"elementor-shape-fill\" style=\"opacity:0.5\" d=\"M0 0L2600 0 2600 69.1 0 69.1z\"\/>\n\t<path class=\"elementor-shape-fill\" style=\"opacity:0.25\" d=\"M2600 0L0 0 0 130.1 2600 69.1z\"\/>\n<\/svg>\t\t<\/div>\n\t\t\t\t\t<div class=\"elementor-container elementor-column-gap-default\">\n\t\t\t\t\t<div class=\"elementor-column elementor-col-100 elementor-top-column elementor-element elementor-element-1845f5a\" data-id=\"1845f5a\" data-element_type=\"column\" data-e-type=\"column\">\n\t\t\t<div class=\"elementor-widget-wrap elementor-element-populated\">\n\t\t\t\t\t\t<div class=\"elementor-element elementor-element-e5c5ef8 elementor-widget elementor-widget-spacer\" data-id=\"e5c5ef8\" data-element_type=\"widget\" data-e-type=\"widget\" data-widget_type=\"spacer.default\">\n\t\t\t\t<div class=\"elementor-widget-container\">\n\t\t\t\t\t\t\t<div class=\"elementor-spacer\">\n\t\t\t<div class=\"elementor-spacer-inner\"><\/div>\n\t\t<\/div>\n\t\t\t\t\t\t<\/div>\n\t\t\t\t<\/div>\n\t\t\t\t\t<\/div>\n\t\t<\/div>\n\t\t\t\t\t<\/div>\n\t\t<\/section>\n\t\t\t\t<\/div>\n\t\t","protected":false},"excerpt":{"rendered":"<p>pagamentos Seguros OS NOSSOS PAGAMENTOS SEGUROS No final da sua encomenda poder\u00e1 selecionar uma das 2 formas de pagamento dispon\u00edveis: Se selecionou Transfer\u00eancia Banc\u00e1ria: Ao receber o e-mail de confirma\u00e7\u00e3o da sua encomenda, estar\u00e1 nele indicado o valor total para pagamento (valor da encomenda + portes de envio), bem como o IBAN para onde deve efectuar a transfer\u00eancia. Deve mencionar sempre o n\u00famero da encomenda nas observa\u00e7\u00f5es da transfer\u00eancia e enviar o comprovativo por e-mail para geral@ifoffice.pt. Se selecionou Multibanco: O pagamento por Multibanco \u00e9 uma forma f\u00e1cil, segura e r\u00e1pida. No final da sua encomenda, depois de ter selecionado o pagamento por Multibanco, s\u00e3o calculados online e enviados para o seu e-mail os dados (entidade, refer\u00eancia e montante) para que possa de imediato fazer o &#8220;Pagamento de Compras\/Servi\u00e7os&#8221; em qualquer Caixa Multibanco a n\u00edvel nacional ou diretamente no seu Home Banking. O servi\u00e7o de pagamento por refer\u00eancia multibanco \u00e9 assegurado pela empresa\u00a0ifthenpay O atraso no pagamento tem repercuss\u00e3o imediata na entrega. Caso se verifique um atraso no seu pagamento ou na nossa rece\u00e7\u00e3o do mesmo, a sua encomenda s\u00f3 ser\u00e1 expedida no dia \u00fatil seguinte \u00e0 nossa rece\u00e7\u00e3o da confirma\u00e7\u00e3o da mesma, o prazo de expedi\u00e7\u00e3o varia de acordo com a disponibilidade do produto. Se selecionou MBWAY: Em primeiro lugar dever\u00e1 garantir que o sensor NFC do seu dispositivo est\u00e1 ativo e que a app MB WAY \u00e9 a sua app default \/ preferida para pagamentos com NFC. Poder\u00e1 iniciar o seu pagamento de 3 formas distintas:\u2013 Com a app MB WAY fechada, toca com o telem\u00f3vel no ecr\u00e3 do terminal de pagamento do comerciante. Neste caso ser\u00e1 utilizado para pagamento o cart\u00e3o que tem predefinido para compras MB WAY; \u2013 Com a app MB WAY aberta, escolhe o cart\u00e3o com que pretende pagar e toca com o telem\u00f3vel no ecr\u00e3 do terminal de pagamento do comerciante. Alternativamente pode tamb\u00e9m escolher a op\u00e7\u00e3o \u201cPagar com MB WAY\u201d no ecr\u00e3 de cart\u00f5es da app MB WAY e tocar no terminal; \u2013 Com o ecr\u00e3 bloqueado, toca com o telem\u00f3vel no ecr\u00e3 do terminal de pagamento, sendo que para permitir esta forma de pagamento ter\u00e1 de configurar a mesma em Menu Mais \u2013&gt; Defini\u00e7\u00f5es \u2013&gt; Seguran\u00e7a \u2013&gt; Op\u00e7\u00f5es de pagamento MBWAY, Transfer\u00eancia banc\u00e1ria ou Multibanco, qualquer uma delas c\u00f3moda, r\u00e1pida e segura.<\/p>\n","protected":false},"author":1,"featured_media":0,"parent":0,"menu_order":0,"comment_status":"closed","ping_status":"closed","template":"elementor_header_footer","meta":{"neve_meta_sidebar":"","neve_meta_container":"","neve_meta_enable_content_width":"","neve_meta_content_width":0,"neve_meta_title_alignment":"","neve_meta_author_avatar":"","neve_post_elements_order":"","neve_meta_disable_header":"","neve_meta_disable_footer":"","neve_meta_disable_title":"","footnotes":""},"class_list":["post-80","page","type-page","status-publish","hentry"],"_links":{"self":[{"href":"https:\/\/ifoffice.pt\/index.php?rest_route=\/wp\/v2\/pages\/80","targetHints":{"allow":["GET"]}}],"collection":[{"href":"https:\/\/ifoffice.pt\/index.php?rest_route=\/wp\/v2\/pages"}],"about":[{"href":"https:\/\/ifoffice.pt\/index.php?rest_route=\/wp\/v2\/types\/page"}],"author":[{"embeddable":true,"href":"https:\/\/ifoffice.pt\/index.php?rest_route=\/wp\/v2\/users\/1"}],"replies":[{"embeddable":true,"href":"https:\/\/ifoffice.pt\/index.php?rest_route=%2Fwp%2Fv2%2Fcomments&post=80"}],"version-history":[{"count":38,"href":"https:\/\/ifoffice.pt\/index.php?rest_route=\/wp\/v2\/pages\/80\/revisions"}],"predecessor-version":[{"id":103232,"href":"https:\/\/ifoffice.pt\/index.php?rest_route=\/wp\/v2\/pages\/80\/revisions\/103232"}],"wp:attachment":[{"href":"https:\/\/ifoffice.pt\/index.php?rest_route=%2Fwp%2Fv2%2Fmedia&parent=80"}],"curies":[{"name":"wp","href":"https:\/\/api.w.org\/{rel}","templated":true}]}}